
{"id":1099,"date":"2023-11-10T00:29:01","date_gmt":"2023-11-10T03:29:01","guid":{"rendered":"https:\/\/eventos.uenp.edu.br\/soletras\/?page_id=1099"},"modified":"2023-11-10T00:33:50","modified_gmt":"2023-11-10T03:33:50","slug":"edicao-anterior","status":"publish","type":"page","link":"https:\/\/eventos.uenp.edu.br\/soletras\/xiv-soletras\/edicao-anterior\/","title":{"rendered":"Edi\u00e7\u00e3o Anterior"},"content":{"rendered":"<hr \/>\n<h4 style=\"text-align: center;\"><strong><span style=\"font-size: 14pt;\">S\u00d3LETRAS <\/span><\/strong><br \/>\n<strong><span style=\"font-size: 14pt;\">(SEMIN\u00c1RIO DE ESTUDOS LINGU\u00cdSTICOS E LITER\u00c1RIOS)<\/span><\/strong><\/h4>\n<hr \/>\n<h4><span style=\"font-size: 12pt;\"><strong><span style=\"color: #00ccff;\"><a style=\"color: #00ccff;\" href=\"https:\/\/sites.google.com\/uenp.edu.br\/soletras2019\">S\u00d3LETRAS XIII (2019)<\/a><\/span><\/strong><\/span><\/h4>\n<h4><span style=\"font-size: 12pt;\">O <strong>S\u00d3LETRAS<\/strong> (Semin\u00e1rio de Estudos Lingu\u00edsticos e Liter\u00e1rios) \u00e9 um evento promovido pelo curso de Letras, campus Jacarezinho, da Universidade Estadual do Norte do Paran\u00e1 (UENP-CJ), em parceria com a Semana Liter\u00e1ria do SESC-PR. Em 2019, o evento est\u00e1 na sua 13\u00aa edi\u00e7\u00e3o.<\/span><\/h4>\n<h4><span style=\"font-size: 12pt;\">O evento contempla quatro grandes \u00e1reas: l\u00edngua estrangeira, lingu\u00edstica, literatura e ensino. O objetivo do SEMIN\u00c1RIO \u00e9 promover o debate cient\u00edfico e divulgar pesquisas desenvolvidas por docentes e alunos de gradua\u00e7\u00e3o e p\u00f3s-gradua\u00e7\u00e3o da UENP e de outras universidades.<\/span><\/h4>\n<h4><span style=\"font-size: 12pt;\">Per\u00edodo de realiza\u00e7\u00e3o &#8211; 23 a 27 de setembro de 2019<\/span><\/h4>\n<hr \/>\n<h4><\/h4>\n","protected":false},"excerpt":{"rendered":"","protected":false},"author":1,"featured_media":0,"parent":783,"menu_order":0,"comment_status":"closed","ping_status":"closed","template":"","meta":{"footnotes":""},"class_list":["post-1099","page","type-page","status-publish","hentry"],"_links":{"self":[{"href":"https:\/\/eventos.uenp.edu.br\/soletras\/wp-json\/wp\/v2\/pages\/1099","targetHints":{"allow":["GET"]}}],"collection":[{"href":"https:\/\/eventos.uenp.edu.br\/soletras\/wp-json\/wp\/v2\/pages"}],"about":[{"href":"https:\/\/eventos.uenp.edu.br\/soletras\/wp-json\/wp\/v2\/types\/page"}],"author":[{"embeddable":true,"href":"https:\/\/eventos.uenp.edu.br\/soletras\/wp-json\/wp\/v2\/users\/1"}],"replies":[{"embeddable":true,"href":"https:\/\/eventos.uenp.edu.br\/soletras\/wp-json\/wp\/v2\/comments?post=1099"}],"version-history":[{"count":8,"href":"https:\/\/eventos.uenp.edu.br\/soletras\/wp-json\/wp\/v2\/pages\/1099\/revisions"}],"predecessor-version":[{"id":1108,"href":"https:\/\/eventos.uenp.edu.br\/soletras\/wp-json\/wp\/v2\/pages\/1099\/revisions\/1108"}],"up":[{"embeddable":true,"href":"https:\/\/eventos.uenp.edu.br\/soletras\/wp-json\/wp\/v2\/pages\/783"}],"wp:attachment":[{"href":"https:\/\/eventos.uenp.edu.br\/soletras\/wp-json\/wp\/v2\/media?parent=1099"}],"curies":[{"name":"wp","href":"https:\/\/api.w.org\/{rel}","templated":true}]}}