{"id":1075,"date":"2025-10-17T10:01:51","date_gmt":"2025-10-17T13:01:51","guid":{"rendered":"https:\/\/eventos.uenp.edu.br\/simposioprofletras\/?page_id=1075"},"modified":"2025-11-17T10:43:56","modified_gmt":"2025-11-17T13:43:56","slug":"ensalamento-2025","status":"publish","type":"page","link":"https:\/\/eventos.uenp.edu.br\/simposioprofletras\/simposioprofletras2025\/ensalamento-2025\/","title":{"rendered":"Ensalamento"},"content":{"rendered":"<p><main role=\"main\" aria-labelledby=\"page-title\" style=\"max-width:1100px;margin:28px auto;padding:20px;box-sizing:border-box;\"><\/p>\n<p><!-- Header --><\/p>\n<header style=\"display:flex;flex-direction:column;gap:12px;margin-bottom:18px;\">\n<div style=\"display:flex;align-items:baseline;justify-content:space-between;gap:12px;\">\n<div>\n<h1 id=\"page-title\" style=\"font-size:20px;margin:0;line-height:1.05;\">\n            XI SIMP\u00d3SIO DO PROFLETRAS\/UENP \u2014 <span style=\"font-weight:600\">24\/11\/2025<\/span><\/h1>\n<p style=\"font-size:14px;color:#6b7280;margin:6px 0 0 0;\">\n            Ensalamento \u2014 Apresenta\u00e7\u00e3o dos trabalhos em andamento (turmas 10 e 11) \u2014 15min apresenta\u00e7\u00e3o + 15min debate<\/p>\n<\/div>\n<div style=\"background:linear-gradient(90deg,#0f766e,#0ea5a4);color:#fff;padding:8px 12px;border-radius:999px;font-weight:600;font-size:13px;box-shadow:0 6px 20px rgba(16,24,40,0.08);\">\n          Segunda \u00b7 24\/11\/2025<\/div>\n<\/div>\n<div style=\"display:flex;flex-wrap:wrap;gap:12px;align-items:center;color:#6b7280;font-size:13px;\">\n<div style=\"display:flex;gap:8px;align-items:center;\">\n          <strong style=\"font-size:13px\">Formato<\/strong><br \/>\n<span>15 min apresenta\u00e7\u00e3o \/ 15 min debate<\/span><\/div>\n<div style=\"display:flex;gap:8px;align-items:center;\">\n          <strong style=\"font-size:13px\">Turmas<\/strong><br \/>\n<span>10 e 11<\/span><\/div>\n<\/div>\n<\/header>\n<p>    <!-- Grid: duas colunas responsivas (usa flex wrap) --><\/p>\n<section aria-label=\"Salas e hor\u00e1rios\" style=\"display:flex;flex-wrap:wrap;gap:16px;\">      <!-- SALA H3 --><\/p>\n<article aria-labelledby=\"h3-title\" style=\"flex:1 1 480px;min-width:300px;background:linear-gradient(180deg, rgba(255,255,255,0.95), rgba(250,250,252,0.95));border-radius:12px;padding:16px;box-shadow:0 6px 20px rgba(16,24,40,0.08);border:1px solid rgba(15,23,42,0.04);box-sizing:border-box;\">\n<div style=\"display:flex;align-items:center;justify-content:space-between;gap:12px;\">\n<div>\n<h2 id=\"h3-title\" style=\"font-size:16px;margin:0;font-weight:700;\">Sala H3<\/h2>\n<p style=\"font-size:13px;color:#6b7280;margin:6px 0 0 0;\">Apresenta\u00e7\u00e3o dos trabalhos \u2014 hor\u00e1rios indicados<\/p>\n<\/div>\n<div style=\"font-size:13px;color:#6b7280;\">Local: Bloco H \u00b7 H3<\/div>\n<\/div>\n<p><!-- sessions container --><\/p>\n<div style=\"display:flex;flex-direction:column;gap:12px;margin-top:12px;\">\n<p>          <!-- session 1 --><\/p>\n<div role=\"listitem\" aria-labelledby=\"h3-1-time\" style=\"display:grid;grid-template-columns:92px 1fr;gap:12px;align-items:start;background:#fff;border-radius:10px;padding:12px;box-shadow:0 4px 14px rgba(12,18,28,0.04);border:1px solid rgba(15,23,42,0.03);\">\n<div id=\"h3-1-time\" style=\"display:flex;flex-direction:column;gap:4px;align-items:flex-start;font-weight:700;color:#0f766e;font-size:14px;\">\n<div>9:00<\/div>\n<p><small style=\"font-weight:600;color:#6b7280;font-size:12px;\">9:30<\/small><\/div>\n<div style=\"display:flex;flex-direction:column;gap:6px;font-size:14px;color:#0b1220;\">\n<div style=\"display:flex;flex-wrap:wrap;gap:10px;align-items:center;\">\n<div><strong>Aluno:<\/strong> Caroline Marques Serqueira<\/div>\n<div style=\"margin-left:8px;\"><strong>Orientador:<\/strong> Eliana Merlin Deganutti de Barros<\/div>\n<div style=\"margin-left:8px;\"><strong>Debatedor:<\/strong> Maril\u00facia dos Santos Domingos<\/div>\n<\/div>\n<div style=\"font-weight:700;color:#072b33;margin-top:6px;font-size:13px;line-height:1.18;\">\n                ENSINO DO G\u00caNERO CARTA ABERTA COMO ESTRAT\u00c9GIA PARA O DESENVOLVIMENTO DO PENSAMENTO CR\u00cdTICO DA FORMA\u00c7\u00c3O CIDAD\u00c3 DE ESTUDANTES DO ENSINO M\u00c9DIO<\/div>\n<\/div>\n<\/div>\n<p><!-- session 2 --><\/p>\n<div role=\"listitem\" aria-labelledby=\"h3-2-time\" style=\"display:grid;grid-template-columns:92px 1fr;gap:12px;align-items:start;background:#fff;border-radius:10px;padding:12px;box-shadow:0 4px 14px rgba(12,18,28,0.04);border:1px solid rgba(15,23,42,0.03);\">\n<div id=\"h3-2-time\" style=\"display:flex;flex-direction:column;gap:4px;align-items:flex-start;font-weight:700;color:#0f766e;font-size:14px;\">\n<div>9:30<\/div>\n<p><small style=\"font-weight:600;color:#6b7280;font-size:12px;\">10:00<\/small><\/div>\n<div style=\"display:flex;flex-direction:column;gap:6px;font-size:14px;color:#0b1220;\">\n<div style=\"display:flex;flex-wrap:wrap;gap:10px;align-items:center;\">\n<div><strong>Aluno:<\/strong> Diego J\u00fanior Oliveira de Azevedo<\/div>\n<div style=\"margin-left:8px;\"><strong>Orientador:<\/strong> Maril\u00facia dos Santos Domingos<\/div>\n<div style=\"margin-left:8px;\"><strong>Debatedor:<\/strong> Eliana Merlin Deganutti de Barros<\/div>\n<\/div>\n<div style=\"font-weight:700;color:#072b33;margin-top:6px;font-size:13px;line-height:1.18;\">\n                SEQU\u00caNCIA DID\u00c1TICA DE G\u00caNEROS: O ENSINO DA PRODU\u00c7\u00c3O ESCRITA POR MEIO DO G\u00caNERO NOT\u00cdCIA<\/div>\n<\/div>\n<\/div>\n<p><!-- session 3 --><\/p>\n<div role=\"listitem\" aria-labelledby=\"h3-3-time\" style=\"display:grid;grid-template-columns:92px 1fr;gap:12px;align-items:start;background:#fff;border-radius:10px;padding:12px;box-shadow:0 4px 14px rgba(12,18,28,0.04);border:1px solid rgba(15,23,42,0.03);\">\n<div id=\"h3-3-time\" style=\"display:flex;flex-direction:column;gap:4px;align-items:flex-start;font-weight:700;color:#0f766e;font-size:14px;\">\n<div>10:00<\/div>\n<p><small style=\"font-weight:600;color:#6b7280;font-size:12px;\">10:30<\/small><\/div>\n<div style=\"display:flex;flex-direction:column;gap:6px;font-size:14px;color:#0b1220;\">\n<div style=\"display:flex;flex-wrap:wrap;gap:10px;align-items:center;\">\n<div><strong>Aluno:<\/strong> Joyce Aline Sardinha<\/div>\n<div style=\"margin-left:8px;\"><strong>Orientador:<\/strong> Bruna Carolini Barbosa<\/div>\n<div style=\"margin-left:8px;\"><strong>Debatedor:<\/strong> Maril\u00facia dos Santos Domingos<\/div>\n<\/div>\n<div style=\"font-weight:700;color:#072b33;margin-top:6px;font-size:13px;line-height:1.18;\">\n                PROJETO DE LETRAMENTO E DIVULGA\u00c7\u00c3O CIENT\u00cdFICA NA EDUCA\u00c7\u00c3O B\u00c1SICA: PRODU\u00c7\u00c3O DE P\u00d4STERES A PARTIR DE IDEIAS PARA ADIAR O FIM DO MUNDO<\/div>\n<\/div>\n<\/div>\n<p><!-- session 4 --><\/p>\n<div role=\"listitem\" aria-labelledby=\"h3-4-time\" style=\"display:grid;grid-template-columns:92px 1fr;gap:12px;align-items:start;background:#fff;border-radius:10px;padding:12px;box-shadow:0 4px 14px rgba(12,18,28,0.04);border:1px solid rgba(15,23,42,0.03);\">\n<div id=\"h3-4-time\" style=\"display:flex;flex-direction:column;gap:4px;align-items:flex-start;font-weight:700;color:#0f766e;font-size:14px;\">\n<div>10:30<\/div>\n<p><small style=\"font-weight:600;color:#6b7280;font-size:12px;\">11:00<\/small><\/div>\n<div style=\"display:flex;flex-direction:column;gap:6px;font-size:14px;color:#0b1220;\">\n<div style=\"display:flex;flex-wrap:wrap;gap:10px;align-items:center;\">\n<div><strong>Aluno:<\/strong> Sirlene da Silva Curtiz<\/div>\n<div style=\"margin-left:8px;\"><strong>Orientador:<\/strong> Bruna Carolini Barbosa<\/div>\n<div style=\"margin-left:8px;\"><strong>Debatedor:<\/strong> Eliana Merlin Deganutti de Barros<\/div>\n<\/div>\n<div style=\"font-weight:700;color:#072b33;margin-top:6px;font-size:13px;line-height:1.18;\">\n                PROJETO DE LETRAMENTO RACIAL CR\u00cdTICO: O ENSINO DE L\u00cdNGUA PORTUGUESA NO ENSINO FUNDAMENTAL<\/div>\n<\/div>\n<\/div>\n<\/div>\n<\/article>\n<p>      <!-- SALA H4 --><\/p>\n<article aria-labelledby=\"h4-title\" style=\"flex:1 1 480px;min-width:300px;background:linear-gradient(180deg, rgba(255,255,255,0.95), rgba(250,250,252,0.95));border-radius:12px;padding:16px;box-shadow:0 6px 20px rgba(16,24,40,0.08);border:1px solid rgba(15,23,42,0.04);box-sizing:border-box;\">\n<div style=\"display:flex;align-items:center;justify-content:space-between;gap:12px;\">\n<div>\n<h2 id=\"h4-title\" style=\"font-size:16px;margin:0;font-weight:700;\">Sala H4<\/h2>\n<p style=\"font-size:13px;color:#6b7280;margin:6px 0 0 0;\">Apresenta\u00e7\u00e3o dos trabalhos \u2014 hor\u00e1rios indicados<\/p>\n<\/div>\n<div style=\"font-size:13px;color:#6b7280;\">Local: Bloco H \u00b7 H4<\/div>\n<\/div>\n<div style=\"display:flex;flex-direction:column;gap:12px;margin-top:12px;\">\n<p>          <!-- H4 - 9:00 --><\/p>\n<div role=\"listitem\" aria-labelledby=\"h4-1-time\" style=\"display:grid;grid-template-columns:92px 1fr;gap:12px;align-items:start;background:#fff;border-radius:10px;padding:12px;box-shadow:0 4px 14px rgba(12,18,28,0.04);border:1px solid rgba(15,23,42,0.03);\">\n<div id=\"h4-1-time\" style=\"display:flex;flex-direction:column;gap:4px;align-items:flex-start;font-weight:700;color:#0f766e;font-size:14px;\">\n<div>9:00<\/div>\n<p><small style=\"font-weight:600;color:#6b7280;font-size:12px;\">9:30<\/small><\/div>\n<div style=\"display:flex;flex-direction:column;gap:6px;font-size:14px;color:#0b1220;\">\n<div style=\"display:flex;flex-wrap:wrap;gap:10px;align-items:center;\">\n<div><strong>Aluno:<\/strong> Izabel Cristina Rodrigues Viana<\/div>\n<div style=\"margin-left:8px;\"><strong>Orientador:<\/strong> Ana Paula Franco Nobile Brandileone<\/div>\n<div style=\"margin-left:8px;\"><strong>Debatedor:<\/strong> Vanderl\u00e9ia da Silva Oliveira<\/div>\n<\/div>\n<div style=\"font-weight:700;color:#072b33;margin-top:6px;font-size:13px;line-height:1.18;\">\n                A CR\u00d4NICA NA ESCOLA: LETRAMENTO LITER\u00c1RIO PARA OS ANOS FINAIS DO ENSINO FUNDAMENTAL<\/div>\n<\/div>\n<\/div>\n<p><!-- H4 - 9:30 --><\/p>\n<div role=\"listitem\" aria-labelledby=\"h4-2-time\" style=\"display:grid;grid-template-columns:92px 1fr;gap:12px;align-items:start;background:#fff;border-radius:10px;padding:12px;box-shadow:0 4px 14px rgba(12,18,28,0.04);border:1px solid rgba(15,23,42,0.03);\">\n<div id=\"h4-2-time\" style=\"display:flex;flex-direction:column;gap:4px;align-items:flex-start;font-weight:700;color:#0f766e;font-size:14px;\">\n<div>9:30<\/div>\n<p><small style=\"font-weight:600;color:#6b7280;font-size:12px;\">10:00<\/small><\/div>\n<div style=\"display:flex;flex-direction:column;gap:6px;font-size:14px;color:#0b1220;\">\n<div style=\"display:flex;flex-wrap:wrap;gap:10px;align-items:center;\">\n<div><strong>Aluno:<\/strong> Matheus Perole de Oliveira<\/div>\n<div style=\"margin-left:8px;\"><strong>Orientador:<\/strong> Nerynei Meira Carneiro Bellini<\/div>\n<div style=\"margin-left:8px;\"><strong>Debatedor:<\/strong> Thiago Alves Valente<\/div>\n<\/div>\n<div style=\"font-weight:700;color:#072b33;margin-top:6px;font-size:13px;line-height:1.18;\">\n                ENTRE NARRATIVAS H\u00cdBRIDAS E O MARAVILHOSO: UMA PROPOSTA DE LEITURA DE CONTOS PELA SEQU\u00caNCIA B\u00c1SICA<\/div>\n<\/div>\n<\/div>\n<p><!-- H4 - 10:00 --><\/p>\n<div role=\"listitem\" aria-labelledby=\"h4-3-time\" style=\"display:grid;grid-template-columns:92px 1fr;gap:12px;align-items:start;background:#fff;border-radius:10px;padding:12px;box-shadow:0 4px 14px rgba(12,18,28,0.04);border:1px solid rgba(15,23,42,0.03);\">\n<div id=\"h4-3-time\" style=\"display:flex;flex-direction:column;gap:4px;align-items:flex-start;font-weight:700;color:#0f766e;font-size:14px;\">\n<div>10:00<\/div>\n<p><small style=\"font-weight:600;color:#6b7280;font-size:12px;\">10:30<\/small><\/div>\n<div style=\"display:flex;flex-direction:column;gap:6px;font-size:14px;color:#0b1220;\">\n<div style=\"display:flex;flex-wrap:wrap;gap:10px;align-items:center;\">\n<div><strong>Aluno:<\/strong> Patr\u00edcia Francyane Lopes Pr\u00edncipe<\/div>\n<div style=\"margin-left:8px;\"><strong>Orientador:<\/strong> Vanderl\u00e9ia da Silva Oliveira<\/div>\n<div style=\"margin-left:8px;\"><strong>Debatedor:<\/strong> Jo\u00e3o Carlos Dias Furtado<\/div>\n<\/div>\n<div style=\"font-weight:700;color:#072b33;margin-top:6px;font-size:13px;line-height:1.18;\">\n                A LITERATURA NA ERA DIGITAL: CAMINHOS E DESAFIOS PARA O LETRAMENTO LITER\u00c1RIO<\/div>\n<\/div>\n<\/div>\n<p><!-- H4 - 10:30 --><\/p>\n<div role=\"listitem\" aria-labelledby=\"h4-4-time\" style=\"display:grid;grid-template-columns:92px 1fr;gap:12px;align-items:start;background:#fff;border-radius:10px;padding:12px;box-shadow:0 4px 14px rgba(12,18,28,0.04);border:1px solid rgba(15,23,42,0.03);\">\n<div id=\"h4-4-time\" style=\"display:flex;flex-direction:column;gap:4px;align-items:flex-start;font-weight:700;color:#0f766e;font-size:14px;\">\n<div>10:30<\/div>\n<p><small style=\"font-weight:600;color:#6b7280;font-size:12px;\">11:00<\/small><\/div>\n<div style=\"display:flex;flex-direction:column;gap:6px;font-size:14px;color:#0b1220;\">\n<div style=\"display:flex;flex-wrap:wrap;gap:10px;align-items:center;\">\n<div><strong>Aluno:<\/strong> Ros\u00e2ngela Aparecida de Souza Pinto Gabriel Diniz<\/div>\n<div style=\"margin-left:8px;\"><strong>Orientador:<\/strong>Thiago Alves Valente<\/div>\n<div style=\"margin-left:8px;\"><strong>Debatedor:<\/strong>Jo\u00e3o Carlos Dias Furtado<\/div>\n<\/div>\n<div style=\"font-weight:700;color:#072b33;margin-top:6px;font-size:13px;line-height:1.18;\">\n                O M\u00c9TODO CRIATIVO E O G\u00caNERO L\u00cdRICO: EXPERI\u00caNCIAS EM ESCOLAS ESPECIALIZADAS<\/div>\n<\/div>\n<\/div>\n<p><!-- H4 - 11:00 --><\/p>\n<div role=\"listitem\" aria-labelledby=\"h4-5-time\" style=\"display:grid;grid-template-columns:92px 1fr;gap:12px;align-items:start;background:#fff;border-radius:10px;padding:12px;box-shadow:0 4px 14px rgba(12,18,28,0.04);border:1px solid rgba(15,23,42,0.03);\">\n<div id=\"h4-5-time\" style=\"display:flex;flex-direction:column;gap:4px;align-items:flex-start;font-weight:700;color:#0f766e;font-size:14px;\">\n<div>11:00<\/div>\n<p><small style=\"font-weight:600;color:#6b7280;font-size:12px;\">11:30<\/small><\/div>\n<div style=\"display:flex;flex-direction:column;gap:6px;font-size:14px;color:#0b1220;\">\n<div style=\"display:flex;flex-wrap:wrap;gap:10px;align-items:center;\">\n<div><strong>Aluno:<\/strong> Vagner Alu\u00edsio de Souza<\/div>\n<div style=\"margin-left:8px;\"><strong>Orientador:<\/strong> Thiago Alves Valente<\/div>\n<div style=\"margin-left:8px;\"><strong>Debatedor:<\/strong> Ana Paula Franco Nobile Brandileone<\/div>\n<\/div>\n<div style=\"font-weight:700;color:#072b33;margin-top:6px;font-size:13px;line-height:1.18;\">\n                A HERMEN\u00caUTICA DE PAUL RICOEUR E O ENSINO DA LEITURA LITER\u00c1RIA: CONTOS NO ENSINO M\u00c9DIO<\/div>\n<\/div>\n<\/div>\n<p><!-- H4 - 11:30 --><\/p>\n<div role=\"listitem\" aria-labelledby=\"h4-6-time\" style=\"display:grid;grid-template-columns:92px 1fr;gap:12px;align-items:start;background:#fff;border-radius:10px;padding:12px;box-shadow:0 4px 14px rgba(12,18,28,0.04);border:1px solid rgba(15,23,42,0.03);\">\n<div id=\"h4-6-time\" style=\"display:flex;flex-direction:column;gap:4px;align-items:flex-start;font-weight:700;color:#0f766e;font-size:14px;\">\n<div>11:30<\/div>\n<p><small style=\"font-weight:600;color:#6b7280;font-size:12px;\">12:00<\/small><\/div>\n<div style=\"display:flex;flex-direction:column;gap:6px;font-size:14px;color:#0b1220;\">\n<div style=\"display:flex;flex-wrap:wrap;gap:10px;align-items:center;\">\n<div><strong>Aluno:<\/strong> Beatriz Massari<\/div>\n<div style=\"margin-left:8px;\"><strong>Orientador:<\/strong> Ana Paula Franco Nobile Brandileone<\/div>\n<div style=\"margin-left:8px;\"><strong>Debatedor:<\/strong> Thiago Alves Valente<\/div>\n<\/div>\n<div style=\"font-weight:700;color:#072b33;margin-top:6px;font-size:13px;line-height:1.18;\">\n                A EDUCA\u00c7\u00c3O INFANTIL E A FORMA\u00c7\u00c3O DE LEITORES: CONTRIBUI\u00c7\u00d5ES DO LIVRO DE IMAGEM E DAS ESTRAT\u00c9GIAS DE LEITURA PARA A EDUCA\u00c7\u00c3O LITER\u00c1RIA<\/div>\n<\/div>\n<\/div>\n<\/div>\n<\/article>\n<\/section>\n<footer style=\"margin-top:18px;font-size:13px;color:#6b7280;text-align:center;\">\n<div>XI Simp\u00f3sio PROFLETRAS \u2014 Universidade Estadual do Norte do Paran\u00e1 (UENP) \u2014 24\/11\/2025<\/div>\n<\/footer>\n<p>  <\/main><\/p>\n","protected":false},"excerpt":{"rendered":"","protected":false},"author":1,"featured_media":0,"parent":1066,"menu_order":0,"comment_status":"closed","ping_status":"closed","template":"","meta":{"footnotes":""},"class_list":["post-1075","page","type-page","status-publish","hentry"],"_links":{"self":[{"href":"https:\/\/eventos.uenp.edu.br\/simposioprofletras\/wp-json\/wp\/v2\/pages\/1075","targetHints":{"allow":["GET"]}}],"collection":[{"href":"https:\/\/eventos.uenp.edu.br\/simposioprofletras\/wp-json\/wp\/v2\/pages"}],"about":[{"href":"https:\/\/eventos.uenp.edu.br\/simposioprofletras\/wp-json\/wp\/v2\/types\/page"}],"author":[{"embeddable":true,"href":"https:\/\/eventos.uenp.edu.br\/simposioprofletras\/wp-json\/wp\/v2\/users\/1"}],"replies":[{"embeddable":true,"href":"https:\/\/eventos.uenp.edu.br\/simposioprofletras\/wp-json\/wp\/v2\/comments?post=1075"}],"version-history":[{"count":9,"href":"https:\/\/eventos.uenp.edu.br\/simposioprofletras\/wp-json\/wp\/v2\/pages\/1075\/revisions"}],"predecessor-version":[{"id":1171,"href":"https:\/\/eventos.uenp.edu.br\/simposioprofletras\/wp-json\/wp\/v2\/pages\/1075\/revisions\/1171"}],"up":[{"embeddable":true,"href":"https:\/\/eventos.uenp.edu.br\/simposioprofletras\/wp-json\/wp\/v2\/pages\/1066"}],"wp:attachment":[{"href":"https:\/\/eventos.uenp.edu.br\/simposioprofletras\/wp-json\/wp\/v2\/media?parent=1075"}],"curies":[{"name":"wp","href":"https:\/\/api.w.org\/{rel}","templated":true}]}}