
{"id":837,"date":"2024-09-05T10:30:14","date_gmt":"2024-09-05T13:30:14","guid":{"rendered":"https:\/\/eventos.uenp.edu.br\/simgelf\/?page_id=837"},"modified":"2024-09-05T11:56:47","modified_gmt":"2024-09-05T14:56:47","slug":"submissao-de-resumos","status":"publish","type":"page","link":"https:\/\/eventos.uenp.edu.br\/simgelf\/submissao-de-resumos\/","title":{"rendered":"Submiss\u00e3o de Resumos"},"content":{"rendered":"\n<p><strong>NORMAS PARA SUBMISS\u00c3O DE RESUMOS<\/strong><\/p>\n\n\n\n<p><strong>Comunica\u00e7\u00e3o Individual:<\/strong><\/p>\n\n\n\n<ol class=\"wp-block-list\">\n<li>Os resumos dever\u00e3o ser enviados para o e-mail: <strong><a>simgelf.cj@uenp.edu.br<\/a><\/strong> at\u00e9 o dia <strong>27 de outubro de 2024<\/strong>, como anexo. No assunto do e-mail, coloque: <strong>Resumo de Fulano de TAL<\/strong>.<\/li>\n\n\n\n<li>O texto do resumo deve conter entre 100 e 200 palavras.<\/li>\n\n\n\n<li><strong>Programa<\/strong>: Word for Windows.<br><strong>Fonte<\/strong>: Times New Roman, corpo 12.<br><strong>Espa\u00e7o entre linhas<\/strong>: Simples.<br><strong>Alinhamento<\/strong>: Justificado.<br><strong>Margens<\/strong>: 3 cm; salvo em documento tipo DOC (Word).<\/li>\n\n\n\n<li><strong>T\u00edtulo da comunica\u00e7\u00e3o<\/strong>: Centralizado, em mai\u00fasculas, em negrito.<\/li>\n\n\n\n<li><strong>Nome completo do(s) autor(es) e\/ou coautor(es)<\/strong>: Alinhado \u00e0 direita, duas linhas abaixo do t\u00edtulo, com as iniciais em mai\u00fasculas. A institui\u00e7\u00e3o a que pertence(m) deve vir ap\u00f3s o nome, entre par\u00eanteses (utilize a sigla da institui\u00e7\u00e3o, se houver). Deve incluir grau de forma\u00e7\u00e3o (se estudante \u2013 G ou PG), institui\u00e7\u00e3o, ag\u00eancia de fomento (caso seja bolsista) e e-mail para contato.<br>Exemplo: <strong>Marina Andrade (G-UENP\/CJ)<\/strong><br><strong>Orientador<\/strong>: Paulo de Oliveira (UENP\/CJ)<\/li>\n\n\n\n<li><strong>Alunos de gradua\u00e7\u00e3o<\/strong>: Devem indicar o nome do professor orientador logo abaixo do nome do autor.<\/li>\n\n\n\n<li>O resumo deve come\u00e7ar duas linhas abaixo da identifica\u00e7\u00e3o de autoria, sem entrada de par\u00e1grafo.<\/li>\n\n\n\n<li>N\u00e3o ser\u00e3o aceitos resumos fora das normas especificadas acima.<\/li>\n\n\n\n<li>Ser\u00e3o aceitos apenas 02 (dois) trabalhos por participante na modalidade comunica\u00e7\u00e3o.<\/li>\n<\/ol>\n","protected":false},"excerpt":{"rendered":"","protected":false},"author":15,"featured_media":0,"parent":0,"menu_order":0,"comment_status":"closed","ping_status":"closed","template":"","meta":{"footnotes":""},"class_list":["post-837","page","type-page","status-publish","hentry"],"_links":{"self":[{"href":"https:\/\/eventos.uenp.edu.br\/simgelf\/wp-json\/wp\/v2\/pages\/837","targetHints":{"allow":["GET"]}}],"collection":[{"href":"https:\/\/eventos.uenp.edu.br\/simgelf\/wp-json\/wp\/v2\/pages"}],"about":[{"href":"https:\/\/eventos.uenp.edu.br\/simgelf\/wp-json\/wp\/v2\/types\/page"}],"author":[{"embeddable":true,"href":"https:\/\/eventos.uenp.edu.br\/simgelf\/wp-json\/wp\/v2\/users\/15"}],"replies":[{"embeddable":true,"href":"https:\/\/eventos.uenp.edu.br\/simgelf\/wp-json\/wp\/v2\/comments?post=837"}],"version-history":[{"count":2,"href":"https:\/\/eventos.uenp.edu.br\/simgelf\/wp-json\/wp\/v2\/pages\/837\/revisions"}],"predecessor-version":[{"id":869,"href":"https:\/\/eventos.uenp.edu.br\/simgelf\/wp-json\/wp\/v2\/pages\/837\/revisions\/869"}],"wp:attachment":[{"href":"https:\/\/eventos.uenp.edu.br\/simgelf\/wp-json\/wp\/v2\/media?parent=837"}],"curies":[{"name":"wp","href":"https:\/\/api.w.org\/{rel}","templated":true}]}}