
{"id":690,"date":"2022-11-25T08:50:51","date_gmt":"2022-11-25T11:50:51","guid":{"rendered":"https:\/\/eventos.uenp.edu.br\/simgelf\/?page_id=690"},"modified":"2024-09-16T17:05:55","modified_gmt":"2024-09-16T20:05:55","slug":"inscricoes","status":"publish","type":"page","link":"https:\/\/eventos.uenp.edu.br\/simgelf\/inscricoes\/","title":{"rendered":"Inscri\u00e7\u00f5es"},"content":{"rendered":"<p align=\"justify\"><span style=\"font-family: Arial, serif;\"><span style=\"font-size: large;\"><strong>INSTRU&Ccedil;&Otilde;ES PARA INSCRI&Ccedil;&Atilde;O<\/strong><\/span><\/span><\/p>\n<p align=\"justify\"> <\/p>\n<p align=\"justify\"><span style=\"font-family: Arial, serif;\"><span style=\"font-size: large;\"><strong>1) COM APRESENTA&Ccedil;&Atilde;O DE TRABALHO:<\/strong><\/span><\/span><\/p>\n<p align=\"justify\"><span style=\"font-family: Arial, serif;\"><span style=\"font-size: large;\"><strong>INSCRI&Ccedil;&Otilde;ES: <\/strong><\/span><\/span><span style=\"font-family: Arial, serif;\"><span style=\"font-size: large;\">DE 03\/09\/2024 AT&Eacute; 27\/10\/2024.<\/span><\/span><\/p>\n<p align=\"justify\"><span style=\"font-family: Arial, serif;\"><span style=\"font-size: large;\">O participante deve se inscrever obrigatoriamente em um dos simp&oacute;sios.<\/span><\/span><\/p>\n<p align=\"justify\"><span style=\"font-family: Arial, serif;\"><span style=\"font-size: large;\"><strong>VALOR: R$ 40,00<\/strong><\/span><\/span><\/p>\n<p><a href=\"https:\/\/docs.google.com\/forms\/d\/1sghL-kRaOv14Z8Ymq5ER-4XhIRqbMSKfZdJhwfl50YA\/\" style=\"background-color: #0073aa;color: #ffffff;padding: 10px 15px;text-decoration: none;border-radius: 5px\">Inscreva-se aqui!<\/a><\/p>\n<p align=\"justify\"> <\/p>\n<p align=\"justify\"><span style=\"font-family: Arial, serif;\"><span style=\"font-size: large;\"><strong>2) COMO OUVINTE:<\/strong><\/span><\/span><\/p>\n<p align=\"justify\"><span style=\"font-family: Arial, serif;\"><span style=\"font-size: large;\">De 03 de setembro, 2024 a 11 de novembro de 2024.<\/span><\/span><\/p>\n<p align=\"justify\"><span style=\"font-family: Arial, serif;\"><span style=\"font-size: large;\"><strong>VALOR: R$ 40,00<\/strong><\/span><\/span><\/p>\n<p><a href=\"https:\/\/docs.google.com\/forms\/d\/1sghL-kRaOv14Z8Ymq5ER-4XhIRqbMSKfZdJhwfl50YA\/\" style=\"background-color: #0073aa;color: #ffffff;padding: 10px 15px;text-decoration: none;border-radius: 5px\">Inscreva-se aqui!<\/a><\/p>\n<p align=\"justify\"> <\/p>\n<p align=\"justify\"><span style=\"font-family: Arial, serif;\"><span style=\"font-size: large;\"><strong>INFORMA\u00c7\u00d5ES IMPORTANTES:<\/strong><\/span><\/span><\/p>\n<p align=\"justify\"><span style=\"font-family: Arial, serif;\"><span style=\"font-size: large;\">Tanto os ouvintes quanto os comunicadores devem obrigatoriamente preencher a <a href=\"https:\/\/docs.google.com\/forms\/d\/1sghL-kRaOv14Z8Ymq5ER-4XhIRqbMSKfZdJhwfl50YA\/\" style=\"color: #0073aa;text-decoration: underline;\">FICHA DE INSCRI\u00c7\u00c3O ONLINE<\/a> para lan\u00e7ar dados cadastrais e escolher um dos minicursos.<\/span><\/span><\/p>\n<p align=\"justify\"><span style=\"font-family: Arial, serif;\"><span style=\"font-size: large;\">O pagamento da inscri\u00e7\u00e3o (R$ 40,00) dever\u00e1 ser efetuado via dep\u00f3sito banc\u00e1rio, no BANCO DO BRASIL, devendo ser realizado como dep\u00f3sito identificado, conforme os seguintes dados:<\/span><\/span><\/p>\n<ul>\n<li><span style=\"font-family: Arial, serif;\"><span style=\"font-size: large;\">Banco: Banco do Brasil<\/span><\/span><\/li>\n<li><span style=\"font-family: Arial, serif;\"><span style=\"font-size: large;\">Ag\u00eancia: 0100-7<\/span><\/span><\/li>\n<li><span style=\"font-family: Arial, serif;\"><span style=\"font-size: large;\">Conta Corrente: 52.110-8<\/span><\/span><\/li>\n<li><span style=\"font-family: Arial, serif;\"><span style=\"font-size: large;\">CNPJ: 08.885.100\/0002-35<\/span><\/span><\/li>\n<li><span style=\"font-family: Arial, serif;\"><span style=\"font-size: large;\">Favorecido: UENP<\/span><\/span><\/li>\n<\/ul>\n<p align=\"justify\"><span style=\"font-family: Arial, serif;\"><span style=\"font-size: large;\">Exemplo: DEPOSITADO POR &#8211; Maria Gorete Ribeiro<\/span><\/span><\/p>\n<p align=\"justify\"><span style=\"font-family: Arial, serif;\"><span style=\"font-size: large;\">OU VIA PIX:<\/span><\/span><\/p>\n<p align=\"justify\"><span style=\"font-family: Arial, serif;\"><span style=\"font-size: large;\"><strong>PIX &#8211; simgelf.cj@uenp.edu.br<\/strong><\/span><\/span><\/p>\n<p align=\"justify\"><span style=\"font-family: Arial, serif;\"><span style=\"font-size: large;\">O comprovante do dep\u00f3sito deve ser enviado para o e-mail <a href=\"mailto:simgelf.cj@uenp.edu.br\" style=\"color: #0073aa;text-decoration: underline;\">simgelf.cj@uenp.edu.br<\/a> como anexo. Na mensagem, o campo assunto deve conter: &#8220;Comprovante de dep\u00f3sito da inscri\u00e7\u00e3o de (nome completo)&#8221;.<\/span><\/span><\/p>\n<p align=\"justify\"><span style=\"font-family: Arial, serif;\"><span style=\"font-size: large;\">As inscri\u00e7\u00f5es n\u00e3o devem ser feitas no caixa eletr\u00f4nico.<\/span><\/span><\/p>\n\n\n<hr \/>","protected":false},"excerpt":{"rendered":"","protected":false},"author":1,"featured_media":0,"parent":0,"menu_order":0,"comment_status":"closed","ping_status":"closed","template":"","meta":{"footnotes":""},"class_list":["post-690","page","type-page","status-publish","hentry"],"_links":{"self":[{"href":"https:\/\/eventos.uenp.edu.br\/simgelf\/wp-json\/wp\/v2\/pages\/690","targetHints":{"allow":["GET"]}}],"collection":[{"href":"https:\/\/eventos.uenp.edu.br\/simgelf\/wp-json\/wp\/v2\/pages"}],"about":[{"href":"https:\/\/eventos.uenp.edu.br\/simgelf\/wp-json\/wp\/v2\/types\/page"}],"author":[{"embeddable":true,"href":"https:\/\/eventos.uenp.edu.br\/simgelf\/wp-json\/wp\/v2\/users\/1"}],"replies":[{"embeddable":true,"href":"https:\/\/eventos.uenp.edu.br\/simgelf\/wp-json\/wp\/v2\/comments?post=690"}],"version-history":[{"count":14,"href":"https:\/\/eventos.uenp.edu.br\/simgelf\/wp-json\/wp\/v2\/pages\/690\/revisions"}],"predecessor-version":[{"id":906,"href":"https:\/\/eventos.uenp.edu.br\/simgelf\/wp-json\/wp\/v2\/pages\/690\/revisions\/906"}],"wp:attachment":[{"href":"https:\/\/eventos.uenp.edu.br\/simgelf\/wp-json\/wp\/v2\/media?parent=690"}],"curies":[{"name":"wp","href":"https:\/\/api.w.org\/{rel}","templated":true}]}}