
{"id":995,"date":"2023-11-08T23:18:31","date_gmt":"2023-11-09T02:18:31","guid":{"rendered":"https:\/\/eventos.uenp.edu.br\/sellitcon\/?page_id=995"},"modified":"2025-04-25T15:12:43","modified_gmt":"2025-04-25T18:12:43","slug":"hospedagem","status":"publish","type":"page","link":"https:\/\/eventos.uenp.edu.br\/sellitcon\/vii\/hospedagem\/","title":{"rendered":"Hospedagem"},"content":{"rendered":"<p><strong>Royal In Hotel<\/strong><br \/>\nAv. Para\u00edso, 560 &#8211; Centro, Corn\u00e9lio Proc\u00f3pio &#8211; PR, 86300-000<br \/>\nSite: <a href=\"https:\/\/www.royalinnhotel.com.br\/\" target=\"_blank\" rel=\"noopener\">https:\/\/www.royalinnhotel.com.br\/<\/a><br \/>\nFone: (43) 3520-3300<\/p>\n<p><strong>Hotel London Prime<\/strong><br \/>\nR. Anchieta, 480 &#8211; Corn\u00e9lio Proc\u00f3pio, PR, 86300-000<br \/>\nSite:<a href=\"https:\/\/hotel-london-prime.hoteisdoparana.com\/br\/\" target=\"_blank\" rel=\"noopener\"> https:\/\/hotel-london-prime.hoteisdoparana.com\/br\/<\/a><br \/>\nTelefone: (43) 3524-1240<\/p>\n<p><strong>Colombo Hotel <\/strong><br \/>\nR. Colombo, 27 &#8211; Corn\u00e9lio Proc\u00f3pio, PR, 86300-000<br \/>\nSite: <a href=\"https:\/\/hotel-colombo-86300-000.hoteisdoparana.com\/br\/\" target=\"_blank\" rel=\"noopener\">https:\/\/hotel-colombo-86300-000.hoteisdoparana.com\/br\/<\/a><br \/>\nTelefone: (43) 3524-6560<\/p>\n","protected":false},"excerpt":{"rendered":"","protected":false},"author":1,"featured_media":0,"parent":783,"menu_order":0,"comment_status":"closed","ping_status":"closed","template":"","meta":{"footnotes":""},"class_list":["post-995","page","type-page","status-publish","hentry"],"_links":{"self":[{"href":"https:\/\/eventos.uenp.edu.br\/sellitcon\/wp-json\/wp\/v2\/pages\/995","targetHints":{"allow":["GET"]}}],"collection":[{"href":"https:\/\/eventos.uenp.edu.br\/sellitcon\/wp-json\/wp\/v2\/pages"}],"about":[{"href":"https:\/\/eventos.uenp.edu.br\/sellitcon\/wp-json\/wp\/v2\/types\/page"}],"author":[{"embeddable":true,"href":"https:\/\/eventos.uenp.edu.br\/sellitcon\/wp-json\/wp\/v2\/users\/1"}],"replies":[{"embeddable":true,"href":"https:\/\/eventos.uenp.edu.br\/sellitcon\/wp-json\/wp\/v2\/comments?post=995"}],"version-history":[{"count":7,"href":"https:\/\/eventos.uenp.edu.br\/sellitcon\/wp-json\/wp\/v2\/pages\/995\/revisions"}],"predecessor-version":[{"id":1391,"href":"https:\/\/eventos.uenp.edu.br\/sellitcon\/wp-json\/wp\/v2\/pages\/995\/revisions\/1391"}],"up":[{"embeddable":true,"href":"https:\/\/eventos.uenp.edu.br\/sellitcon\/wp-json\/wp\/v2\/pages\/783"}],"wp:attachment":[{"href":"https:\/\/eventos.uenp.edu.br\/sellitcon\/wp-json\/wp\/v2\/media?parent=995"}],"curies":[{"name":"wp","href":"https:\/\/api.w.org\/{rel}","templated":true}]}}