
{"id":898,"date":"2023-11-08T09:23:05","date_gmt":"2023-11-08T12:23:05","guid":{"rendered":"https:\/\/eventos.uenp.edu.br\/sellitcon\/?page_id=898"},"modified":"2025-08-04T10:40:00","modified_gmt":"2025-08-04T13:40:00","slug":"home","status":"publish","type":"page","link":"https:\/\/eventos.uenp.edu.br\/sellitcon\/","title":{"rendered":"Apresenta\u00e7\u00e3o"},"content":{"rendered":"<p dir=\"ltr\"><span style=\"font-size: 14pt;color: #000000;font-family: arial, helvetica, sans-serif\"><strong>Sobre o SELLITCON<\/strong><\/span><\/p>\n<p dir=\"ltr\" style=\"text-align: justify\"><span style=\"color: #000000;font-family: arial, helvetica, sans-serif\">Organizado pela Linha de Pesquisa Literatura, C\u00e2none Liter\u00e1rio e Textualidades do Contempor\u00e2neo, do Grupo de Pesquisa CRELIT, o SEMIN\u00c1RIO DE ESTUDOS LITER\u00c1RIOS E LITERATURA BRASILEIRA CONTEMPOR\u00c2NEA \u2013 SELLITCON \u00e9 bienal, de car\u00e1ter nacional, e tem como objetivo verificar periodicamente a situa\u00e7\u00e3o das pesquisas nas \u00e1reas de estudos liter\u00e1rios e produ\u00e7\u00e3o contempor\u00e2nea, bem como difundir as pesquisas realizadas pelo GP CRELIT.<\/span><\/p>\n<p dir=\"ltr\" style=\"text-align: justify\"><span style=\"color: #000000;font-family: arial, helvetica, sans-serif\">Iniciado\u00a0 em 2013, o evento chega a sua 7a. edi\u00e7\u00e3o em 2025, com a pretens\u00e3o de\u00a0 fomentar a troca de experi\u00eancias com pesquisadores de outras IES e de Centros\/Grupos de Pesquisa, al\u00e9m de propiciar aos pesquisadores e, sobretudo, aos discentes do Curso de Letras e do ProfLetras\/UENP, forma\u00e7\u00e3o complementar e atualiza\u00e7\u00e3o bibliogr\u00e1fica e metodol\u00f3gica, mediante o contato direto com renomados especialistas da \u00e1rea.<\/span><\/p>\n<p dir=\"ltr\" style=\"text-align: justify\"><span style=\"color: #000000;font-family: arial, helvetica, sans-serif\">Ocorrer\u00e1 de 12 a 14 de agosto no campus Corn\u00e9lio Proc\u00f3pio da UENP com as confer\u00eancias\/rodas de conversa realizadas presencialmente no Anfiteatro PDE. J\u00e1 os minicursos ser\u00e3o ofertados no formato on line e as sess\u00f5es de comunica\u00e7\u00e3o nos Eixos tem\u00e1ticos, em salas virtuais e salas presenciais.<\/span><\/p>\n<p dir=\"ltr\" style=\"text-align: justify\"><span style=\"color: #000000;font-family: arial, helvetica, sans-serif\">\u00a0As inscri\u00e7\u00f5es para participantes com comunica\u00e7\u00e3o oral v\u00e3o at\u00e9 6 de julho e, para ouvintes, at\u00e9 4 de agosto de 2025.<\/span><\/p>\n<p dir=\"ltr\" style=\"text-align: justify\"><span style=\"color: #000000;font-family: arial, helvetica, sans-serif\">P\u00fablico-alvo: pesquisadores, professores e alunos da \u00e1rea de Letras (graduandos p\u00f3s-graduandos) e \u00e1reas afins, al\u00e9m da comunidade em geral.<\/span><\/p>\n<p style=\"text-align: right\"><span style=\"color: #000000;font-family: arial, helvetica, sans-serif\"><strong><span style=\"font-size: 8pt\">Evento registrado no SECAPEE\/UENP sob o n\u00famero 7789. Carga hor\u00e1ria de 32h.<\/span><\/strong><\/span><\/p>\n<hr \/>\n<p><span style=\"font-size: 18pt;color: #000000;font-family: arial, helvetica, sans-serif\"><strong>Realiza\u00e7\u00e3o:<\/strong><\/span><\/p>\n<p><span style=\"color: #000000;font-family: arial, helvetica, sans-serif\"><img loading=\"lazy\" decoding=\"async\" class=\"size-medium wp-image-1375 aligncenter\" src=\"https:\/\/eventos.uenp.edu.br\/sellitcon\/wp-content\/uploads\/sites\/25\/2025\/04\/crelit-300x138.png\" alt=\"\" width=\"300\" height=\"138\" srcset=\"https:\/\/eventos.uenp.edu.br\/sellitcon\/wp-content\/uploads\/sites\/25\/2025\/04\/crelit-300x138.png 300w, https:\/\/eventos.uenp.edu.br\/sellitcon\/wp-content\/uploads\/sites\/25\/2025\/04\/crelit.png 681w\" sizes=\"auto, (max-width: 300px) 100vw, 300px\" \/><\/span><\/p>\n<p><span style=\"font-size: 18pt;color: #000000;font-family: arial, helvetica, sans-serif\"><strong>Apoio:<\/strong><\/span><\/p>\n<table style=\"border-collapse: collapse;width: 100%\">\n<tbody>\n<tr>\n<td style=\"width: 16.1872%\"><span style=\"color: #000000;font-family: arial, helvetica, sans-serif\"><img loading=\"lazy\" decoding=\"async\" class=\"aligncenter wp-image-1380\" src=\"https:\/\/eventos.uenp.edu.br\/sellitcon\/wp-content\/uploads\/sites\/25\/2025\/04\/NovoBrasaI\u0192overtical-Cor-e1745601873675.png\" alt=\"\" width=\"100\" height=\"122\" \/><\/span><\/td>\n<td style=\"width: 15.0946%\"><span style=\"color: #000000;font-family: arial, helvetica, sans-serif\"><img loading=\"lazy\" decoding=\"async\" class=\"aligncenter wp-image-1379\" src=\"https:\/\/eventos.uenp.edu.br\/sellitcon\/wp-content\/uploads\/sites\/25\/2025\/04\/logofa-300x200.jpg\" alt=\"\" width=\"100\" height=\"67\" srcset=\"https:\/\/eventos.uenp.edu.br\/sellitcon\/wp-content\/uploads\/sites\/25\/2025\/04\/logofa-300x200.jpg 300w, https:\/\/eventos.uenp.edu.br\/sellitcon\/wp-content\/uploads\/sites\/25\/2025\/04\/logofa-1024x683.jpg 1024w, https:\/\/eventos.uenp.edu.br\/sellitcon\/wp-content\/uploads\/sites\/25\/2025\/04\/logofa-768x512.jpg 768w, https:\/\/eventos.uenp.edu.br\/sellitcon\/wp-content\/uploads\/sites\/25\/2025\/04\/logofa.jpg 1470w\" sizes=\"auto, (max-width: 100px) 100vw, 100px\" \/><\/span><\/td>\n<td style=\"width: 15.0219%\"><span style=\"color: #000000;font-family: arial, helvetica, sans-serif\"><img loading=\"lazy\" decoding=\"async\" class=\"wp-image-585 aligncenter\" src=\"https:\/\/eventos.uenp.edu.br\/sellitcon\/wp-content\/uploads\/sites\/25\/2022\/10\/logo-uenp-m-256x300.png\" alt=\"\" width=\"244\" height=\"286\" srcset=\"https:\/\/eventos.uenp.edu.br\/sellitcon\/wp-content\/uploads\/sites\/25\/2022\/10\/logo-uenp-m-256x300.png 256w, https:\/\/eventos.uenp.edu.br\/sellitcon\/wp-content\/uploads\/sites\/25\/2022\/10\/logo-uenp-m.png 282w\" sizes=\"auto, (max-width: 244px) 100vw, 244px\" \/><\/span><\/td>\n<td style=\"width: 21.3857%\"><span style=\"color: #000000;font-family: arial, helvetica, sans-serif\"><img loading=\"lazy\" decoding=\"async\" class=\"alignnone wp-image-1378 size-full aligncenter\" src=\"https:\/\/eventos.uenp.edu.br\/sellitcon\/wp-content\/uploads\/sites\/25\/2025\/04\/logo-alaccop.jpg\" alt=\"\" width=\"241\" height=\"239\" srcset=\"https:\/\/eventos.uenp.edu.br\/sellitcon\/wp-content\/uploads\/sites\/25\/2025\/04\/logo-alaccop.jpg 241w, https:\/\/eventos.uenp.edu.br\/sellitcon\/wp-content\/uploads\/sites\/25\/2025\/04\/logo-alaccop-150x150.jpg 150w\" sizes=\"auto, (max-width: 241px) 100vw, 241px\" \/><\/span><\/td>\n<td style=\"width: 32.3106%\"><span style=\"color: #000000;font-family: arial, helvetica, sans-serif\"><img loading=\"lazy\" decoding=\"async\" class=\"wp-image-1404 aligncenter\" src=\"https:\/\/eventos.uenp.edu.br\/sellitcon\/wp-content\/uploads\/sites\/25\/2025\/06\/sesc-300x75.png\" alt=\"\" width=\"361\" height=\"90\" srcset=\"https:\/\/eventos.uenp.edu.br\/sellitcon\/wp-content\/uploads\/sites\/25\/2025\/06\/sesc-300x75.png 300w, https:\/\/eventos.uenp.edu.br\/sellitcon\/wp-content\/uploads\/sites\/25\/2025\/06\/sesc.png 335w\" sizes=\"auto, (max-width: 361px) 100vw, 361px\" \/><\/span><\/td>\n<\/tr>\n<\/tbody>\n<\/table>\n","protected":false},"excerpt":{"rendered":"","protected":false},"author":1,"featured_media":0,"parent":0,"menu_order":0,"comment_status":"closed","ping_status":"closed","template":"","meta":{"footnotes":""},"class_list":["post-898","page","type-page","status-publish","hentry"],"_links":{"self":[{"href":"https:\/\/eventos.uenp.edu.br\/sellitcon\/wp-json\/wp\/v2\/pages\/898","targetHints":{"allow":["GET"]}}],"collection":[{"href":"https:\/\/eventos.uenp.edu.br\/sellitcon\/wp-json\/wp\/v2\/pages"}],"about":[{"href":"https:\/\/eventos.uenp.edu.br\/sellitcon\/wp-json\/wp\/v2\/types\/page"}],"author":[{"embeddable":true,"href":"https:\/\/eventos.uenp.edu.br\/sellitcon\/wp-json\/wp\/v2\/users\/1"}],"replies":[{"embeddable":true,"href":"https:\/\/eventos.uenp.edu.br\/sellitcon\/wp-json\/wp\/v2\/comments?post=898"}],"version-history":[{"count":18,"href":"https:\/\/eventos.uenp.edu.br\/sellitcon\/wp-json\/wp\/v2\/pages\/898\/revisions"}],"predecessor-version":[{"id":1431,"href":"https:\/\/eventos.uenp.edu.br\/sellitcon\/wp-json\/wp\/v2\/pages\/898\/revisions\/1431"}],"wp:attachment":[{"href":"https:\/\/eventos.uenp.edu.br\/sellitcon\/wp-json\/wp\/v2\/media?parent=898"}],"curies":[{"name":"wp","href":"https:\/\/api.w.org\/{rel}","templated":true}]}}