{"id":761,"date":"2024-08-23T14:57:21","date_gmt":"2024-08-23T17:57:21","guid":{"rendered":"https:\/\/eventos.uenp.edu.br\/ppeduenp\/?page_id=761"},"modified":"2024-10-14T14:43:43","modified_gmt":"2024-10-14T17:43:43","slug":"modelos","status":"publish","type":"page","link":"https:\/\/eventos.uenp.edu.br\/ppeduenp\/modelos\/","title":{"rendered":"Modelos"},"content":{"rendered":"\n<p><\/p>\n\n\n\n<p>Abaixo, segue modelo para publica\u00e7\u00e3o de P\u00f4ster e Resumo Expandido<\/p>\n\n\n\n<p><\/p>\n\n\n\n<div style=\"font-family: Arial, sans-serif;line-height: 1.6\">\n\n    <div style=\"margin-bottom: 20px\">\n        <strong>Modelo P\u00f4ster:<\/strong>\n        <div style=\"margin-top: 10px\">\n            <a href=\"https:\/\/docs.google.com\/presentation\/d\/1eL8ksfiPOJdoMZYUymCK-iUhVGPdS1J6\/edit?usp=sharing&#038;ouid=100001768719052145840&#038;rtpof=true&#038;sd=true\" style=\"background-color: #0073aa;color: #ffffff;padding: 10px 15px;text-decoration: none;border-radius: 5px;text-align: center;max-width: 300px;margin: 10px auto\">Acessar Modelo<\/a>\n        <\/div>\n    <\/div>\n\n<br>\n<div style=\"font-family: Arial, sans-serif;line-height: 1.6\">\n\n    <div style=\"margin-bottom: 20px\">\n        <strong>Modelo Resumo Expandido:<\/strong>\n        <div style=\"margin-top: 10px\">\n            <a href=\"https:\/\/docs.google.com\/document\/d\/1v6M1Ap-68RmLKDA9Q0wU9wNWjDlidijV\" style=\"background-color: #0073aa;color: #ffffff;padding: 10px 15px;text-decoration: none;border-radius: 5px;text-align: center;max-width: 300px;margin: 10px auto\">Acessar Modelo<\/a>\n        <\/div>\n    <\/div>\n<br>\n<div style=\"font-family: Arial, sans-serif;line-height: 1.6\">\n\n    <div style=\"margin-bottom: 20px\">\n        <strong>Modelo Resumo Expandido P\u00f4ster (Opcional):<\/strong>\n        <div style=\"margin-top: 10px\">\n            <a href=\"https:\/\/docs.google.com\/document\/d\/1v6M1Ap-68RmLKDA9Q0wU9wNWjDlidijV\" style=\"background-color: #0073aa;color: #ffffff;padding: 10px 15px;text-decoration: none;border-radius: 5px;text-align: center;max-width: 300px;margin: 10px auto\">Acessar Modelo<\/a>\n        <\/div>\n    <\/div>\n","protected":false},"excerpt":{"rendered":"","protected":false},"author":14,"featured_media":0,"parent":0,"menu_order":0,"comment_status":"closed","ping_status":"closed","template":"","meta":{"footnotes":""},"class_list":["post-761","page","type-page","status-publish","hentry"],"_links":{"self":[{"href":"https:\/\/eventos.uenp.edu.br\/ppeduenp\/wp-json\/wp\/v2\/pages\/761","targetHints":{"allow":["GET"]}}],"collection":[{"href":"https:\/\/eventos.uenp.edu.br\/ppeduenp\/wp-json\/wp\/v2\/pages"}],"about":[{"href":"https:\/\/eventos.uenp.edu.br\/ppeduenp\/wp-json\/wp\/v2\/types\/page"}],"author":[{"embeddable":true,"href":"https:\/\/eventos.uenp.edu.br\/ppeduenp\/wp-json\/wp\/v2\/users\/14"}],"replies":[{"embeddable":true,"href":"https:\/\/eventos.uenp.edu.br\/ppeduenp\/wp-json\/wp\/v2\/comments?post=761"}],"version-history":[{"count":21,"href":"https:\/\/eventos.uenp.edu.br\/ppeduenp\/wp-json\/wp\/v2\/pages\/761\/revisions"}],"predecessor-version":[{"id":1021,"href":"https:\/\/eventos.uenp.edu.br\/ppeduenp\/wp-json\/wp\/v2\/pages\/761\/revisions\/1021"}],"wp:attachment":[{"href":"https:\/\/eventos.uenp.edu.br\/ppeduenp\/wp-json\/wp\/v2\/media?parent=761"}],"curies":[{"name":"wp","href":"https:\/\/api.w.org\/{rel}","templated":true}]}}