{"id":1268,"date":"2024-05-28T17:30:51","date_gmt":"2024-05-28T20:30:51","guid":{"rendered":"https:\/\/eventos.uenp.edu.br\/joresp\/?page_id=1268"},"modified":"2024-05-28T17:30:51","modified_gmt":"2024-05-28T20:30:51","slug":"iv-joresp-2014","status":"publish","type":"page","link":"https:\/\/eventos.uenp.edu.br\/joresp\/iv-joresp-2014\/","title":{"rendered":"IV JORESP (2014)"},"content":{"rendered":"<p>O JORESP\/CISEX \u00e9 um evento bianual promovido para o debate e discuss\u00f5es relacionados \u00e0s diversas tem\u00e1ticas da Educa\u00e7\u00e3o das Rela\u00e7\u00f5es de G\u00eanero e em Sexualidade e a Forma\u00e7\u00e3o de Educadoras\/es \u2013 Inicial e Continuada, bem como a apresenta\u00e7\u00e3o de trabalhos acad\u00eamicos. Em sua primeira edi\u00e7\u00e3o, a JORESP de 2008, com a tem\u00e1tica \u201cDesmistificando tabus e preconceitos\u201d, abriu caminhos tanto para a comunidade acad\u00eamica quanto pra toda a sociedade fazendo com que a UENP se tornasse refer\u00eancia sobre a tem\u00e1tica em todo o norte do Paran\u00e1. Em sua segunda edi\u00e7\u00e3o, o JORESP de 2010, com a tem\u00e1tica \u201cG\u00eanero e diversidade sexual na escola\u201d proporcionou a compreens\u00e3o das quest\u00f5es relacionadas ao ser homem e mulher, as rela\u00e7\u00f5es de g\u00eanero em nossa sociedade, o sexismo, a homofobia e orienta\u00e7\u00e3o afetivo e sexual, temas inseridos em toda sociedade e de fundamental discuss\u00e3o em institui\u00e7\u00f5es que trabalham com a Educa\u00e7\u00e3o. E na sua terceira edi\u00e7\u00e3o, em 2012, a JORESP foi realizado junto com o I Col\u00f3quio Internacional de Sexualidades da UENP, recebendo o Professor El\u00e1dio Sebastian Heredero, da Universidad de Alcala, Madrid, Espanha, que apresentou a Caminhada da Educa\u00e7\u00e3o Sexual e as Pol\u00edticas P\u00fablicas Educacionais em Sexualidade e Rela\u00e7\u00f5es de G\u00eanero na Espanha.<\/p>\n","protected":false},"excerpt":{"rendered":"","protected":false},"author":11,"featured_media":0,"parent":0,"menu_order":0,"comment_status":"closed","ping_status":"closed","template":"","meta":{"footnotes":""},"class_list":["post-1268","page","type-page","status-publish","hentry"],"_links":{"self":[{"href":"https:\/\/eventos.uenp.edu.br\/joresp\/wp-json\/wp\/v2\/pages\/1268","targetHints":{"allow":["GET"]}}],"collection":[{"href":"https:\/\/eventos.uenp.edu.br\/joresp\/wp-json\/wp\/v2\/pages"}],"about":[{"href":"https:\/\/eventos.uenp.edu.br\/joresp\/wp-json\/wp\/v2\/types\/page"}],"author":[{"embeddable":true,"href":"https:\/\/eventos.uenp.edu.br\/joresp\/wp-json\/wp\/v2\/users\/11"}],"replies":[{"embeddable":true,"href":"https:\/\/eventos.uenp.edu.br\/joresp\/wp-json\/wp\/v2\/comments?post=1268"}],"version-history":[{"count":2,"href":"https:\/\/eventos.uenp.edu.br\/joresp\/wp-json\/wp\/v2\/pages\/1268\/revisions"}],"predecessor-version":[{"id":1270,"href":"https:\/\/eventos.uenp.edu.br\/joresp\/wp-json\/wp\/v2\/pages\/1268\/revisions\/1270"}],"wp:attachment":[{"href":"https:\/\/eventos.uenp.edu.br\/joresp\/wp-json\/wp\/v2\/media?parent=1268"}],"curies":[{"name":"wp","href":"https:\/\/api.w.org\/{rel}","templated":true}]}}