{"id":1229,"date":"2023-12-13T14:30:14","date_gmt":"2023-12-13T17:30:14","guid":{"rendered":"https:\/\/eventos.uenp.edu.br\/joresp\/?page_id=1229"},"modified":"2024-06-01T16:04:15","modified_gmt":"2024-06-01T19:04:15","slug":"apresentacao","status":"publish","type":"page","link":"https:\/\/eventos.uenp.edu.br\/joresp\/v-edicao\/apresentacao\/","title":{"rendered":"Apresenta\u00e7\u00e3o &#8211; JORESP 2016"},"content":{"rendered":"<p style=\"text-align: justify\">A Universidade Estadual do Norte do Paran\u00e1, Campus Jacarezinho, Centro de Ci\u00eancias Humanas e da Educa\u00e7\u00e3o, tem a honra de apresentar a V JORESP \u2013 Jornada Regional de Educa\u00e7\u00e3o Sexual do Paran\u00e1 e II CISEX \u2013 Col\u00f3quio Internacional de Sexualidades da UENP, no per\u00edodo entre os dias 25 a 28 de Setembro, com a tem\u00e1tica &#8220;Educa\u00e7\u00e3o em sa\u00fade e pol\u00edticas p\u00fablicas para as sexualidades&#8221;.<\/p>\n<p style=\"text-align: justify\">&#8220;A JORESP\/CISEX \u00e9 um evento bianual promovido para o debate e discuss\u00f5es relacionados \u00e0s diversas tem\u00e1ticas da Educa\u00e7\u00e3o das Rela\u00e7\u00f5es de G\u00eanero e em Sexualidade e a Forma\u00e7\u00e3o de Educadoras\/es \u2013 Inicial e Continuada, bem como a apresenta\u00e7\u00e3o de trabalhos acad\u00eamicos. Em sua primeira edi\u00e7\u00e3o, a JORESP de 2008, com a tem\u00e1tica \u201cDesmistificando tabus e preconceitos\u201d, abriu caminhos tanto para a comunidade acad\u00eamica quanto pra toda a sociedade fazendo com que a UENP se tornasse refer\u00eancia sobre a tem\u00e1tica em todo o norte do Paran\u00e1. Em sua segunda edi\u00e7\u00e3o, o JORESP de 2010, com a tem\u00e1tica \u201cG\u00eanero e diversidade sexual na escola\u201d proporcionou a compreens\u00e3o das quest\u00f5es relacionadas ao ser homem e mulher, as rela\u00e7\u00f5es de g\u00eanero em nossa sociedade, o sexismo, a homofobia e orienta\u00e7\u00e3o afetivo e sexual, temas inseridos em toda sociedade e de fundamental discuss\u00e3o em institui\u00e7\u00f5es que trabalham com a Educa\u00e7\u00e3o. E na sua terceira edi\u00e7\u00e3o, a JORESP foi realizado junto com o I Col\u00f3quio Internacional de Sexualidades da UENP, recebendo o Professor El\u00e1dio Sebastian Heredero, da Universidad de Alcala, Madrid, Espanha, que apresentou a Caminhada da Educa\u00e7\u00e3o Sexual e as Pol\u00edticas P\u00fablicas Educacionais em Sexualidade e Rela\u00e7\u00f5es de G\u00eanero na Espanha.&#8221;<\/p>\n<p style=\"text-align: justify\">Em 2014, realizamos a quarta edi\u00e7\u00e3o de grande sucesso, afirmando quest\u00f5es necess\u00e1rias e mostrando a todas e todos que, sobre a vida sexual dos seres humanos existem direitos e pol\u00edticas publicas fundamentais para uma vida sexual que proporcione sa\u00fade f\u00edsica, social e psicol\u00f3gica. A IV JORESP e II CISEX foi um sucesso que culminou com a vinda da Profa. Dra. Patricia Karina Vergara S\u00e1nchez, da Universidad Aut\u00f3noma Metropolitana, M\u00e9xico.<\/p>\n","protected":false},"excerpt":{"rendered":"","protected":false},"author":1,"featured_media":0,"parent":1227,"menu_order":0,"comment_status":"closed","ping_status":"closed","template":"","meta":{"footnotes":""},"class_list":["post-1229","page","type-page","status-publish","hentry"],"_links":{"self":[{"href":"https:\/\/eventos.uenp.edu.br\/joresp\/wp-json\/wp\/v2\/pages\/1229","targetHints":{"allow":["GET"]}}],"collection":[{"href":"https:\/\/eventos.uenp.edu.br\/joresp\/wp-json\/wp\/v2\/pages"}],"about":[{"href":"https:\/\/eventos.uenp.edu.br\/joresp\/wp-json\/wp\/v2\/types\/page"}],"author":[{"embeddable":true,"href":"https:\/\/eventos.uenp.edu.br\/joresp\/wp-json\/wp\/v2\/users\/1"}],"replies":[{"embeddable":true,"href":"https:\/\/eventos.uenp.edu.br\/joresp\/wp-json\/wp\/v2\/comments?post=1229"}],"version-history":[{"count":2,"href":"https:\/\/eventos.uenp.edu.br\/joresp\/wp-json\/wp\/v2\/pages\/1229\/revisions"}],"predecessor-version":[{"id":1346,"href":"https:\/\/eventos.uenp.edu.br\/joresp\/wp-json\/wp\/v2\/pages\/1229\/revisions\/1346"}],"up":[{"embeddable":true,"href":"https:\/\/eventos.uenp.edu.br\/joresp\/wp-json\/wp\/v2\/pages\/1227"}],"wp:attachment":[{"href":"https:\/\/eventos.uenp.edu.br\/joresp\/wp-json\/wp\/v2\/media?parent=1229"}],"curies":[{"name":"wp","href":"https:\/\/api.w.org\/{rel}","templated":true}]}}