{"id":1099,"date":"2023-11-10T00:29:01","date_gmt":"2023-11-10T03:29:01","guid":{"rendered":"https:\/\/eventos.uenp.edu.br\/joresp\/?page_id=1099"},"modified":"2024-05-31T14:51:15","modified_gmt":"2024-05-31T17:51:15","slug":"edicao-anterior","status":"publish","type":"page","link":"https:\/\/eventos.uenp.edu.br\/joresp\/vii-edicao\/edicao-anterior\/","title":{"rendered":"Edi\u00e7\u00f5es Anteriores"},"content":{"rendered":"<table style=\"border-collapse: collapse;width: 100%;height: 384px\">\n<tbody>\n<tr style=\"height: 24px\">\n<td style=\"width: 5.64457%;text-align: center;height: 24px\"><strong>ANO<\/strong><\/td>\n<td style=\"width: 88.0261%;text-align: center;height: 24px\"><strong>EDI\u00c7\u00c3O e TEMA<\/strong><\/td>\n<td style=\"width: 6.32925%;text-align: center;height: 24px\"><strong>ANAIS<\/strong><\/td>\n<\/tr>\n<tr style=\"height: 192px\">\n<td style=\"width: 5.64457%;text-align: center;height: 192px\"><a href=\"https:\/\/eventos.uenp.edu.br\/joresp\/vi-joresp-2018\/apresentacao\/\">2018<\/a><\/td>\n<td style=\"width: 88.0261%;text-align: justify;height: 192px\"><strong>VI JORESP<\/strong> e o <strong>I CESC<\/strong> (Congresso de Educa\u00e7\u00e3o em Sexualidades Cr\u00edtica), que ocorreu entre os dia 21 a 25 de setembro de 2018, com a tem\u00e1tica <strong>&#8220;O ato educativo como ato pol\u00edtico e as quest\u00f5es de g\u00eanero e as sexualidades: a plenitude humana condicionada \u00e0 supera\u00e7\u00e3o dos antagonismos sociais&#8221;<\/strong>.<\/td>\n<td style=\"width: 6.32925%;text-align: justify;height: 192px\">\u00a0<strong><a href=\"https:\/\/eventos.uenp.edu.br\/joresp\/vi_edicao\/anais\/\">Anais 2018<\/a><\/strong><\/p>\n<p>&nbsp;<\/td>\n<\/tr>\n<tr style=\"height: 144px\">\n<td style=\"width: 5.64457%;text-align: center;height: 144px\"><a href=\"https:\/\/eventos.uenp.edu.br\/joresp\/v-edicao\/apresentacao\/\">2016<\/a><\/td>\n<td style=\"width: 88.0261%;text-align: justify;height: 144px\"><strong>V JORESP<\/strong> \u2013 Jornada Regional de Educa\u00e7\u00e3o Sexual do Paran\u00e1 e <strong>III CISEX<\/strong> \u2013 Col\u00f3quio Internacional de Sexualidades da UENP, no per\u00edodo entre os dias 25 a 28 de Setembro de 2016, com a tem\u00e1tica <strong>&#8220;Educa\u00e7\u00e3o em sa\u00fade e pol\u00edticas p\u00fablicas para as sexualidades&#8221;<\/strong>.<\/td>\n<td style=\"width: 6.32925%;text-align: justify;height: 144px\"><strong>\u00a0<a href=\"https:\/\/eventos.uenp.edu.br\/joresp\/v-edicao\/anais\/\">Anais 2016<\/a><\/strong><\/td>\n<\/tr>\n<tr style=\"height: 24px\">\n<td style=\"width: 5.64457%;text-align: center;height: 24px\"><a href=\"https:\/\/eventos.uenp.edu.br\/joresp\/iv-joresp-2014\/\">2014<\/a><\/td>\n<td style=\"width: 88.0261%;text-align: justify;height: 24px\"><strong>\u00a0IV JORESP<\/strong> \u2013 Jornada Regional de Educa\u00e7\u00e3o Sexual do Paran\u00e1 e <strong>II CISEX<\/strong> \u2013 Col\u00f3quio Internacional de Sexualidades da UENP, no per\u00edodo entre os dias 29 de outubro a primeiro de novembro de 2016, com a tem\u00e1tica \u201c<strong>Olhares plurais para as quest\u00f5es de g\u00eanero e sexualidade<\/strong>\u201d.<\/td>\n<td style=\"width: 6.32925%;text-align: justify;height: 24px\"><strong>\u00a0 <a href=\"https:\/\/eventos.uenp.edu.br\/joresp\/wp-content\/uploads\/sites\/11\/2024\/05\/ANAIS-2014-JORESP.2017.pdf\">Anais 2014<\/a><\/strong><\/td>\n<\/tr>\n<tr>\n<td style=\"width: 5.64457%;text-align: center\">2012<\/td>\n<td style=\"width: 88.0261%;text-align: justify\"><strong>III JORESP<\/strong> foi realizado junto com o <strong>I CISEX<\/strong> \u2013 Col\u00f3quio Internacional de Sexualidades da UENP, recebendo o Professor El\u00e1dio Sebastian Heredero, da Universidad de Alcala, Madrid, Espanha, que apresentou a Caminhada da tem\u00e1tica &#8220;<strong>G\u00eanero e sexualidade nas Pol\u00edticas P\u00fablicas Educacionais na Espanha<\/strong>&#8220;<\/td>\n<td style=\"width: 6.32925%;text-align: center\"><strong>&#8211;<\/strong><\/td>\n<\/tr>\n<tr>\n<td style=\"width: 5.64457%;text-align: center\">2010<\/td>\n<td style=\"width: 88.0261%;text-align: justify\"><strong>II JORESP<\/strong> com a tem\u00e1tica \u201c<strong>G\u00eanero e diversidade sexual na escola<\/strong>\u201d. Neste ano, em espec\u00edfico, ocorreu o <strong>I JORESPINHO<\/strong>, com atividades de extens\u00e3o que proporcionou \u00e0s e aos estudantes do Ensino Fundamental \u2013 Anos Finais e Ensino M\u00e9dio elevada qualidade cient\u00edfica, al\u00e9m de momentos inesquec\u00edveis para se pensar, falar e debater sobre as Rela\u00e7\u00f5es de G\u00eanero e as Sexualidades.<\/td>\n<td style=\"width: 6.32925%;text-align: center\"><strong>&#8211;<\/strong><\/td>\n<\/tr>\n<tr>\n<td style=\"width: 5.64457%;text-align: center\">2008<\/td>\n<td style=\"width: 88.0261%;text-align: justify\"><strong>I JORESP <\/strong>com a tem\u00e1tica \u201c<strong>Desmistificando tabus e preconceitos<\/strong>\u201d, abriu caminhos tanto para a comunidade acad\u00eamica quanto para toda a sociedade fazendo com que a UENP se tornasse refer\u00eancia sobre a tem\u00e1tica em todo o norte do Paran\u00e1.<\/td>\n<td style=\"width: 6.32925%;text-align: center\"><strong>&#8211;<\/strong><\/td>\n<\/tr>\n<\/tbody>\n<\/table>\n","protected":false},"excerpt":{"rendered":"","protected":false},"author":1,"featured_media":0,"parent":783,"menu_order":0,"comment_status":"closed","ping_status":"closed","template":"","meta":{"footnotes":""},"class_list":["post-1099","page","type-page","status-publish","hentry"],"_links":{"self":[{"href":"https:\/\/eventos.uenp.edu.br\/joresp\/wp-json\/wp\/v2\/pages\/1099","targetHints":{"allow":["GET"]}}],"collection":[{"href":"https:\/\/eventos.uenp.edu.br\/joresp\/wp-json\/wp\/v2\/pages"}],"about":[{"href":"https:\/\/eventos.uenp.edu.br\/joresp\/wp-json\/wp\/v2\/types\/page"}],"author":[{"embeddable":true,"href":"https:\/\/eventos.uenp.edu.br\/joresp\/wp-json\/wp\/v2\/users\/1"}],"replies":[{"embeddable":true,"href":"https:\/\/eventos.uenp.edu.br\/joresp\/wp-json\/wp\/v2\/comments?post=1099"}],"version-history":[{"count":26,"href":"https:\/\/eventos.uenp.edu.br\/joresp\/wp-json\/wp\/v2\/pages\/1099\/revisions"}],"predecessor-version":[{"id":1339,"href":"https:\/\/eventos.uenp.edu.br\/joresp\/wp-json\/wp\/v2\/pages\/1099\/revisions\/1339"}],"up":[{"embeddable":true,"href":"https:\/\/eventos.uenp.edu.br\/joresp\/wp-json\/wp\/v2\/pages\/783"}],"wp:attachment":[{"href":"https:\/\/eventos.uenp.edu.br\/joresp\/wp-json\/wp\/v2\/media?parent=1099"}],"curies":[{"name":"wp","href":"https:\/\/api.w.org\/{rel}","templated":true}]}}