{"id":1034,"date":"2023-11-09T11:26:25","date_gmt":"2023-11-09T14:26:25","guid":{"rendered":"https:\/\/eventos.uenp.edu.br\/joresp\/?page_id=1034"},"modified":"2024-09-17T17:13:21","modified_gmt":"2024-09-17T20:13:21","slug":"normas-submissao-de-resumo","status":"publish","type":"page","link":"https:\/\/eventos.uenp.edu.br\/joresp\/vii-edicao\/normas-submissao-de-resumo\/","title":{"rendered":"Normas Submiss\u00e3o de Resumo"},"content":{"rendered":"<p><strong>DATA LIMITE PARA ENTREGA DOS RESUMOS: 01\/09\/2024<\/strong><\/p>\n<p>&nbsp;<\/p>\n<p><strong>RESUMO\/PAINEL<\/strong><\/p>\n<p>O envio do<strong> resumo<\/strong> ser\u00e1 feito por meio do sistema eletr\u00f4nico da<strong>\u00a0<\/strong><a href=\"https:\/\/www.even3.com.br\/JORESP2024\"><strong>JORESP 2024<\/strong>.<\/a>\u00a0A(O) primeira(o) autor(a) obrigatoriamente dever\u00e1 ser o(a) apresentador(a) do trabalho e indicar no sistema de submiss\u00e3o a data do dia\u00a0<strong>20\/09<\/strong> (matutino), <strong>23\/09<\/strong> (vespertino) ou <strong>24\/09<\/strong> para a apresenta\u00e7\u00e3o na forma presencial.<\/p>\n<p>Os resumos submetidos ser\u00e3o revisados e poder\u00e3o ser recusados caso n\u00e3o atendam \u00e0s normas, apresentem baixa qualidade cient\u00edfica, pesquisa sem resultados conclusivos, e\/ou falta de rela\u00e7\u00e3o com o eixo tem\u00e1tico proposto.<\/p>\n<p>Os resumos dever\u00e3o ser apresentados na forma de \u201cPainel\u201d. A organiza\u00e7\u00e3o disponibilizar\u00e1 m\u00eddia para proje\u00e7\u00e3o do painel. Desta forma, o arquivo em formato .pdf dever\u00e3o ser enviados por e-mail em data a ser divulgada. A lista dos hor\u00e1rios das apresenta\u00e7\u00f5es ser\u00e1 disponibilizada na p\u00e1gina do evento at\u00e9 o dia 15 de setembro de 2024.<\/p>\n<p><strong>\u00a0<\/strong><\/p>\n<p><strong>1 ORIENTA\u00c7\u00d5ES GERAIS<\/strong><\/p>\n<p>1.1 O original do resumo aceito para apresenta\u00e7\u00e3o ser\u00e1 reproduzido em arquivo eletr\u00f4nico no formato PDF e publicado nos anais do evento no<em> site<\/em> da UENP. Tendo em vista a necessidade de uniformizar o aspecto gr\u00e1fico, todos os trabalhos dever\u00e3o ser elaborados nas normas descritas no item 2;<\/p>\n<p>1.2 N\u00e3o ser\u00e1 feito qualquer trabalho de edi\u00e7\u00e3o no texto submetido. O atendimento \u00e0s normas \u00e9 de responsabilidade das(os) proponentes, bem como o conte\u00fado, os aspectos \u00e9ticos e os poss\u00edveis conflitos de interesse.<\/p>\n<p>&nbsp;<\/p>\n<p><strong>2 FORMATA\u00c7\u00c3O DO RESUMO<\/strong><\/p>\n<p>2.1 O texto dever\u00e1 ser apresentado em formato\u00a0<em>Word<\/em>, vers\u00e3o 2016 ou superior, com extens\u00e3o de no m\u00e1ximo 250 palavras e dever\u00e1 seguir as seguintes orienta\u00e7\u00f5es:<\/p>\n<ul>\n<li>folha tamanho A4;<\/li>\n<li>margens superior e esquerda de 3 cm, margens direita e inferior de 2 cm;<\/li>\n<li>fonte\u00a0<em>Times New Roman<\/em>, tamanho 12, espa\u00e7amento entrelinhas simples;<\/li>\n<li>alinhamento justificado;<\/li>\n<li>no resumo e nas refer\u00eancias utilizar entrelinhas simples e seguir as orienta\u00e7\u00f5es de composi\u00e7\u00e3o da ABNT NBR 6028 (2021) e 6023 (2018), respectivamente.<\/li>\n<\/ul>\n<p>&nbsp;<\/p>\n<p><strong>3 ORGANIZA\u00c7\u00c3O DO DOCUMENTO<\/strong><\/p>\n<p>O conte\u00fado do resumo dever\u00e1 ser organizado com a seguinte sequ\u00eancia:<\/p>\n<p>3.1<strong> T\u00edtulo do resumo:<\/strong> m\u00e1ximo de 15 palavras, grafado em caixa alta, centralizado e em negrito;<\/p>\n<p>3.2 <strong>Autor(as\/es)<\/strong>: no m\u00e1ximo cinco autoras(es). Somente as primeiras letras do Sobrenome, Pr\u00e9-nome e Nome em caixa alta. Dois espa\u00e7os simples abaixo do t\u00edtulo, alinhados \u00e0 direita.<\/p>\n<p>3.3 <strong>Titula\u00e7\u00e3o e Institui\u00e7\u00e3o de origem:<\/strong> logo abaixo do nome da(o) autora(or), alinhados \u00e0 direita;<\/p>\n<p>3.4<strong> Eixo tem\u00e1tico:<\/strong> dois espa\u00e7os simples abaixo do nome da(o) autora(or), centralizado, caixa alta e em negrito;<\/p>\n<p>3.4.1 Forma\u00e7\u00e3o Inicial e Cont\u00ednua de Professores: G\u00eanero e Sexualidade<\/p>\n<p>3.4.2 Educa\u00e7\u00e3o em Sexualidades<\/p>\n<p>3.4.3 Pol\u00edticas P\u00fablicas e as Rela\u00e7\u00f5es de G\u00eanero e as Sexualidades<\/p>\n<p>3.4.4 G\u00eanero, Sexualidade e Luta de Classes<\/p>\n<p>3.4.5 G\u00eanero, Tecnologia e Ambiente<\/p>\n<p>3.4.6 G\u00eanero, Sexualidade e M\u00eddia<\/p>\n<p>3.4.7 G\u00eanero, Sexualidade e Sa\u00fade<\/p>\n<p>3.4.8 Direitos Sexuais e Direito Antidiscriminat\u00f3rio<\/p>\n<p>3.4.9 Diversidade Sexual<\/p>\n<p>3.4.10 Adminstra\u00e7\u00e3o, Gest\u00e3o P\u00fablica e Privada: G\u00eanero e Sexualidade<\/p>\n<p>3.5<strong> Resumo: <\/strong>a palavra Resumo dever\u00e1 ser grafada em caixa alta, negrito, alinhada \u00e0 esquerda. O resumo dever\u00e1 conter no m\u00e1ximo 250 palavras, redigidas em par\u00e1grafo \u00fanico, sem recuo, com espa\u00e7amento entrelinhas simples, somente na l\u00edngua portuguesa e apresentar: introdu\u00e7\u00e3o, objetivos, metodologia, resultados e discuss\u00e3o e conclus\u00e3o. Apresentar, logo abaixo do resumo, no m\u00ednimo tr\u00eas e no m\u00e1ximo cinco palavras-chave com iniciais em letra min\u00fascula e separadas por ponto e v\u00edrgula.<\/p>\n<p>&nbsp;<\/p>\n<p>&nbsp;<\/p>\n<p><strong>4 ESTRUTURA DO RESUMO<\/strong><\/p>\n<p><strong>Baixe aqui: <a href=\"https:\/\/eventos.uenp.edu.br\/joresp\/wp-content\/uploads\/sites\/11\/2024\/07\/MODELO-RESUMO-JORESP-2024.docx\">MODELO-RESUMO-JORESP-2024<\/a><\/strong><\/p>\n<p><strong>\u00a0<\/strong><\/p>\n<p><strong>5 ORIENTA\u00c7\u00d5ES PARA ELABORA\u00c7\u00c3O E APRESENTA\u00c7\u00c3O DO PAINEL<\/strong><\/p>\n<p>5.1 A(O) autora(or) respons\u00e1vel por apresentar o trabalho, dever\u00e1 estar no local de sua apresenta\u00e7\u00e3o, rigorosamente, uma hora antes dos hor\u00e1rios que ser\u00e3o determinados pela Comiss\u00e3o Cient\u00edfica, para montagem de seu Painel no dia programado para sua apresenta\u00e7\u00e3o.<\/p>\n<p>5.2 O Painel ser\u00e1 projetado em multim\u00eddia e permanecer\u00e1 exposto de acordo com a programa\u00e7\u00e3o.<\/p>\n<p>5.3 O texto do Painel deve ser escrito em L\u00edngua Portuguesa e estar leg\u00edvel a uma dist\u00e2ncia de, pelo menos, 1,5m.<br \/>\n5.4 Utilizar o m\u00ednimo de texto e o m\u00e1ximo de figuras, fotos, tabelas, gr\u00e1ficos e esquemas poss\u00edveis.<br \/>\n5.5 Organizar as informa\u00e7\u00f5es de modo que as ideias centrais do trabalho sejam facilmente entendidas, bem como utilizar todos os recursos dispon\u00edveis para que o Painel desperte o interesse do p\u00fablico.<\/p>\n<p>5.6 \u00c9 obrigat\u00f3rio que, no dia da apresenta\u00e7\u00e3o, o (a) autor (a) principal do trabalho, permane\u00e7a junto ao painel durante o per\u00edodo de visita\u00e7\u00e3o da Comiss\u00e3o Cient\u00edfica. Sugere-se ainda, que nos hor\u00e1rios de intervalos da programa\u00e7\u00e3o do evento que, no m\u00ednimo, uma(um) das(os) autoras(es) permane\u00e7a junto ao painel, para responder \u00e0s quest\u00f5es dos interessados (as).<\/p>\n<p>5.7 Indica-se que o t\u00edtulo do trabalho no painel seja id\u00eantico ao t\u00edtulo do resumo submetido ao evento.<br \/>\n5.8 \u00c9 proibida a apresenta\u00e7\u00e3o por terceiros, bem como utilizar-se de equipamentos, microfones, aparelhos e instrumentos sonoros que interfiram na comunica\u00e7\u00e3o dos demais apresentadores da sess\u00e3o.<\/p>\n<p>5.9 A lista dos hor\u00e1rios das apresenta\u00e7\u00f5es ser\u00e1 disponibilizada no site da UENP at\u00e9 o dia <strong>15\u00a0de setembro de 2024<\/strong>.<\/p>\n<p>&nbsp;<\/p>\n<p><strong>6 ESTRUTURA DO PAINEL<\/strong><\/p>\n<p><strong>\u00a0<\/strong><\/p>\n<p><strong>Baixe aqui: <a href=\"https:\/\/eventos.uenp.edu.br\/joresp\/wp-content\/uploads\/sites\/11\/2024\/07\/modelo_painel_joresp_2024.pptx\">modelo_painel_joresp_2024<\/a><\/strong><\/p>\n<p><strong>7<\/strong> <strong>APRESENTA\u00c7\u00c3O<\/strong><\/p>\n<p>Os resumos dever\u00e3o ser apresentados na forma de \u201cPainel\u201d. A organiza\u00e7\u00e3o disponibilizar\u00e1 m\u00eddia para proje\u00e7\u00e3o do painel. Desta forma, o arquivo em formato .PNG dever\u00e3o ser enviados por e-mail em data a ser divulgada. A lista dos hor\u00e1rios das apresenta\u00e7\u00f5es ser\u00e1 disponibilizada na p\u00e1gina do evento at\u00e9 o dia 15 de setembro de 2024.<\/p>\n","protected":false},"excerpt":{"rendered":"","protected":false},"author":1,"featured_media":0,"parent":783,"menu_order":0,"comment_status":"closed","ping_status":"closed","template":"","meta":{"footnotes":""},"class_list":["post-1034","page","type-page","status-publish","hentry"],"_links":{"self":[{"href":"https:\/\/eventos.uenp.edu.br\/joresp\/wp-json\/wp\/v2\/pages\/1034","targetHints":{"allow":["GET"]}}],"collection":[{"href":"https:\/\/eventos.uenp.edu.br\/joresp\/wp-json\/wp\/v2\/pages"}],"about":[{"href":"https:\/\/eventos.uenp.edu.br\/joresp\/wp-json\/wp\/v2\/types\/page"}],"author":[{"embeddable":true,"href":"https:\/\/eventos.uenp.edu.br\/joresp\/wp-json\/wp\/v2\/users\/1"}],"replies":[{"embeddable":true,"href":"https:\/\/eventos.uenp.edu.br\/joresp\/wp-json\/wp\/v2\/comments?post=1034"}],"version-history":[{"count":38,"href":"https:\/\/eventos.uenp.edu.br\/joresp\/wp-json\/wp\/v2\/pages\/1034\/revisions"}],"predecessor-version":[{"id":1474,"href":"https:\/\/eventos.uenp.edu.br\/joresp\/wp-json\/wp\/v2\/pages\/1034\/revisions\/1474"}],"up":[{"embeddable":true,"href":"https:\/\/eventos.uenp.edu.br\/joresp\/wp-json\/wp\/v2\/pages\/783"}],"wp:attachment":[{"href":"https:\/\/eventos.uenp.edu.br\/joresp\/wp-json\/wp\/v2\/media?parent=1034"}],"curies":[{"name":"wp","href":"https:\/\/api.w.org\/{rel}","templated":true}]}}