
{"id":1276,"date":"2025-05-12T16:42:41","date_gmt":"2025-05-12T19:42:41","guid":{"rendered":"https:\/\/eventos.uenp.edu.br\/jehuenp\/?page_id=1276"},"modified":"2025-06-23T11:54:51","modified_gmt":"2025-06-23T14:54:51","slug":"cronograma","status":"publish","type":"page","link":"https:\/\/eventos.uenp.edu.br\/jehuenp\/cronograma\/","title":{"rendered":"CRONOGRAMA"},"content":{"rendered":"<p><strong><span style=\"font-family: arial, helvetica, sans-serif;font-size: 12pt;color: #000000\">De 16 a 18 de Junho de 2025<\/span><\/strong><br \/>\n<strong><span style=\"font-family: arial, helvetica, sans-serif;font-size: 12pt;color: #000000\">Realiza\u00e7\u00e3o: Colegiado de Hist\u00f3ria &#8211; CCHE &#8211; UENP\/Jacarezinho<\/span><\/strong><\/p>\n<table style=\"height: 322px;width: 100%\">\n<tbody>\n<tr style=\"height: 10px\">\n<td style=\"background-color: #a07d36;border-color: #000000;border-style: solid;height: 10px;text-align: center;width: 25%\"><span style=\"font-family: arial, helvetica, sans-serif;font-size: 12pt;color: #000000\"><strong><strong>Atividade<\/strong><\/strong><\/span><\/td>\n<td style=\"background-color: #a07d36;border-color: #000000;border-style: solid;height: 10px;text-align: center;width: 17.8211%\"><span style=\"font-family: arial, helvetica, sans-serif;font-size: 12pt;color: #000000\"><b>Per\u00edodo<\/b><\/span><\/td>\n<td style=\"background-color: #a07d36;border-color: #000000;border-style: solid;height: 10px;text-align: center;width: 17.6031%\"><span style=\"font-family: arial, helvetica, sans-serif;font-size: 12pt;color: #000000\"><b>Respons\u00e1veis<\/b><\/span><\/td>\n<\/tr>\n<tr style=\"height: 48px\">\n<td style=\"width: 25%;height: 48px;border-color: #000000;border-style: solid\" width=\"183\"><span style=\"font-family: arial, helvetica, sans-serif;font-size: 12pt;color: #000000\"><strong>Divulga\u00e7\u00e3o inicial e chamada para STs e minicursos.<\/strong><\/span><\/td>\n<td style=\"width: 17.8211%;height: 48px;text-align: left;border-color: #000000;border-style: solid\" width=\"130\"><span style=\"font-family: arial, helvetica, sans-serif;font-size: 12pt;color: #000000\">01\/05\/2025<\/span><\/td>\n<td style=\"width: 17.6031%;height: 48px;border-color: #000000;border-style: solid\" width=\"232\"><span style=\"font-family: arial, helvetica, sans-serif;font-size: 12pt;color: #000000\">Comiss\u00e3o Organizadora.<\/span><\/td>\n<\/tr>\n<tr style=\"height: 48px\">\n<td style=\"width: 25%;height: 48px;border-color: #000000;border-style: solid\" width=\"183\"><span style=\"font-family: arial, helvetica, sans-serif;font-size: 12pt;color: #000000\"><strong>Prazo para envio de propostas de STs e minicursos.<\/strong><\/span><\/td>\n<td style=\"width: 17.8211%;height: 48px;text-align: left;border-color: #000000;border-style: solid\" width=\"130\"><span style=\"font-family: arial, helvetica, sans-serif;font-size: 12pt;color: #000000\">01\/05 a 27\/05\/2025<\/span><\/td>\n<td style=\"width: 17.6031%;height: 48px;border-color: #000000;border-style: solid\" width=\"232\"><span style=\"font-family: arial, helvetica, sans-serif;font-size: 12pt;color: #000000\">Proponentes (docentes\/pesquisadores\/as).<\/span><\/td>\n<\/tr>\n<tr style=\"height: 48px\">\n<td style=\"width: 25%;height: 48px;border-color: #000000;border-style: solid\" width=\"183\"><span style=\"font-family: arial, helvetica, sans-serif;font-size: 12pt;color: #000000\"><strong>Avalia\u00e7\u00e3o das propostas de STs e minicursos.<\/strong><\/span><\/td>\n<td style=\"width: 17.8211%;height: 48px;text-align: left;border-color: #000000;border-style: solid\" width=\"130\"><span style=\"font-family: arial, helvetica, sans-serif;font-size: 12pt;color: #000000\">28\/05 a 29\/05\/2025<\/span><\/td>\n<td style=\"width: 17.6031%;height: 48px;border-color: #000000;border-style: solid\" width=\"232\"><span style=\"font-family: arial, helvetica, sans-serif;font-size: 12pt;color: #000000\">Comiss\u00e3o Cient\u00edfica.<\/span><\/td>\n<\/tr>\n<tr style=\"height: 48px\">\n<td style=\"width: 25%;height: 48px;border-color: #000000;border-style: solid\" width=\"183\"><span style=\"font-family: arial, helvetica, sans-serif;font-size: 12pt;color: #000000\"><strong>Divulga\u00e7\u00e3o dos STs e minicursos aprovados.<\/strong><\/span><\/td>\n<td style=\"width: 17.8211%;height: 48px;text-align: left;border-color: #000000;border-style: solid\" width=\"130\"><span style=\"font-family: arial, helvetica, sans-serif;font-size: 12pt;color: #000000\">30\/05\/2025<\/span><\/td>\n<td style=\"width: 17.6031%;height: 48px;border-color: #000000;border-style: solid\" width=\"232\"><span style=\"font-family: arial, helvetica, sans-serif;font-size: 12pt;color: #000000\">Comiss\u00e3o Organizadora.<\/span><\/td>\n<\/tr>\n<tr style=\"height: 48px\">\n<td style=\"width: 25%;height: 48px;border-color: #000000;border-style: solid\" width=\"183\"><span style=\"font-family: arial, helvetica, sans-serif;font-size: 12pt;color: #000000\"><strong>Inscri\u00e7\u00f5es para apresenta\u00e7\u00e3o de trabalhos nos STs.<\/strong><\/span><\/td>\n<td style=\"width: 17.8211%;height: 48px;text-align: left;border-color: #000000;border-style: solid\" width=\"130\"><span style=\"font-family: arial, helvetica, sans-serif;font-size: 12pt;color: #000000\">28\/05 a 10\/06\/2025<\/span><\/td>\n<td style=\"width: 17.6031%;height: 48px;border-color: #000000;border-style: solid\" width=\"232\"><span style=\"font-family: arial, helvetica, sans-serif;font-size: 12pt;color: #000000\">Participantes.<\/span><\/td>\n<\/tr>\n<tr style=\"height: 24px\">\n<td style=\"width: 25%;height: 24px;border-color: #000000;border-style: solid\" width=\"183\"><span style=\"font-family: arial, helvetica, sans-serif;font-size: 12pt;color: #000000\"><strong>Avalia\u00e7\u00e3o dos trabalhos submetidos.<\/strong><\/span><\/td>\n<td style=\"width: 17.8211%;height: 24px;text-align: left;border-color: #000000;border-style: solid\" width=\"130\"><span style=\"font-family: arial, helvetica, sans-serif;font-size: 12pt;color: #000000\">11\/06 a 14\/06\/2025<\/span><\/td>\n<td style=\"width: 17.6031%;height: 24px;border-color: #000000;border-style: solid\" width=\"232\"><span style=\"font-family: arial, helvetica, sans-serif;font-size: 12pt;color: #000000\">Coordenadores\/as de STs.<\/span><\/td>\n<\/tr>\n<tr style=\"height: 24px\">\n<td style=\"width: 25%;height: 24px;border-color: #000000;border-style: solid\" width=\"183\"><span style=\"font-family: arial, helvetica, sans-serif;font-size: 12pt;color: #000000\"><strong>Divulga\u00e7\u00e3o dos trabalhos aprovados.<\/strong><\/span><\/td>\n<td style=\"width: 17.8211%;height: 24px;text-align: left;border-color: #000000;border-style: solid\" width=\"130\"><span style=\"font-family: arial, helvetica, sans-serif;font-size: 12pt;color: #000000\">15\/06\/2025<\/span><\/td>\n<td style=\"width: 17.6031%;height: 24px;border-color: #000000;border-style: solid\" width=\"232\"><span style=\"font-family: arial, helvetica, sans-serif;font-size: 12pt;color: #000000\">Comiss\u00e3o Organizadora.<\/span><\/td>\n<\/tr>\n<tr>\n<td style=\"width: 25%;border-color: #000000;border-style: solid\"><strong style=\"color: #000000;font-family: arial, helvetica, sans-serif\">Inscri\u00e7\u00f5es para ouvintes e minicursos.<\/strong><\/td>\n<td style=\"width: 17.8211%;text-align: left;border-color: #000000;border-style: solid\"><span style=\"font-family: arial, helvetica, sans-serif;font-size: 12pt;color: #000000\">31\/05 a 10\/06\/2025<\/span><\/td>\n<td style=\"width: 17.6031%;border-color: #000000;border-style: solid\"><span style=\"color: #000000;font-family: arial, helvetica, sans-serif\">P\u00fablico geral.<\/span><\/td>\n<\/tr>\n<tr style=\"height: 24px\">\n<td style=\"width: 25%;height: 24px;border-color: #000000;border-style: solid\" width=\"183\"><span style=\"font-family: arial, helvetica, sans-serif;font-size: 12pt;color: #000000\"><strong>Envio de resumos expandidos para a publica\u00e7\u00e3o em Anais do Evento<\/strong><\/span><\/td>\n<td style=\"width: 17.8211%;height: 24px;text-align: left;border-color: #000000;border-style: solid\" width=\"130\"><span style=\"color: #000000;font-family: arial, helvetica, sans-serif\">23\/06\/2025 (prorrogado para 27\/06)<\/span><\/td>\n<td style=\"width: 17.6031%;height: 24px;border-color: #000000;border-style: solid\" width=\"232\">Apresentadores\/as.<\/td>\n<\/tr>\n<\/tbody>\n<\/table>\n<hr \/>\n<table style=\"height: 90px;width: 100%\">\n<tbody>\n<tr style=\"height: 28px\">\n<td style=\"background-color: #a07d36;border-color: #000000;height: 28px;text-align: center;width: 30.0893%;vertical-align: middle\" colspan=\"2\"><strong><span style=\"color: #000000;font-family: arial, helvetica, sans-serif;font-size: 12pt\">P\u00d3S-EVENTO<\/span><\/strong><\/td>\n<\/tr>\n<tr style=\"height: 10px\">\n<td style=\"background-color: #a07d36;border-color: #000000;height: 29px;text-align: center;width: 16.1729%;vertical-align: middle\"><strong><span style=\"font-family: arial, helvetica, sans-serif;font-size: 12pt;color: #000000\">Atividade<\/span><\/strong><\/td>\n<td style=\"background-color: #a07d36;border-color: #000000;text-align: center;width: 13.9164%;vertical-align: middle;height: 29px\"><strong><span style=\"color: #000000;font-family: arial, helvetica, sans-serif;font-size: 12pt\">Per\u00edodo<\/span><\/strong><\/td>\n<\/tr>\n<tr style=\"height: 13px\">\n<td style=\"border-color: #000000;width: 16.1729%;border-style: solid;vertical-align: middle;height: 13px\">\n<p style=\"text-align: center\"><span style=\"font-family: arial, helvetica, sans-serif;font-size: 12pt;color: #000000\">Publica\u00e7\u00e3o de Anais\/Resumos (opcional)<\/span><\/p>\n<\/td>\n<td style=\"border-color: #000000;text-align: center;width: 13.9164%;border-style: solid;vertical-align: middle;height: 13px\"><span style=\"font-family: arial, helvetica, sans-serif;font-size: 12pt;color: #000000\">Julho\/2025<\/span><\/td>\n<\/tr>\n<tr style=\"height: 10px\">\n<td style=\"border-color: #000000;width: 16.1729%;border-style: solid;vertical-align: middle;height: 10px\">\n<p style=\"text-align: center\"><span style=\"font-family: arial, helvetica, sans-serif;font-size: 12pt;color: #000000\">Avalia\u00e7\u00e3o Interna e Relat\u00f3rio Final<\/span><\/p>\n<\/td>\n<td style=\"border-color: #000000;text-align: center;width: 13.9164%;border-style: solid;vertical-align: middle;height: 10px\"><span style=\"color: #000000;font-size: 12pt;font-family: arial, helvetica, sans-serif\">Julho\/2025<\/span><\/td>\n<\/tr>\n<\/tbody>\n<\/table>\n","protected":false},"excerpt":{"rendered":"","protected":false},"author":16,"featured_media":0,"parent":0,"menu_order":0,"comment_status":"closed","ping_status":"closed","template":"","meta":{"footnotes":""},"class_list":["post-1276","page","type-page","status-publish","hentry"],"_links":{"self":[{"href":"https:\/\/eventos.uenp.edu.br\/jehuenp\/wp-json\/wp\/v2\/pages\/1276","targetHints":{"allow":["GET"]}}],"collection":[{"href":"https:\/\/eventos.uenp.edu.br\/jehuenp\/wp-json\/wp\/v2\/pages"}],"about":[{"href":"https:\/\/eventos.uenp.edu.br\/jehuenp\/wp-json\/wp\/v2\/types\/page"}],"author":[{"embeddable":true,"href":"https:\/\/eventos.uenp.edu.br\/jehuenp\/wp-json\/wp\/v2\/users\/16"}],"replies":[{"embeddable":true,"href":"https:\/\/eventos.uenp.edu.br\/jehuenp\/wp-json\/wp\/v2\/comments?post=1276"}],"version-history":[{"count":35,"href":"https:\/\/eventos.uenp.edu.br\/jehuenp\/wp-json\/wp\/v2\/pages\/1276\/revisions"}],"predecessor-version":[{"id":1605,"href":"https:\/\/eventos.uenp.edu.br\/jehuenp\/wp-json\/wp\/v2\/pages\/1276\/revisions\/1605"}],"wp:attachment":[{"href":"https:\/\/eventos.uenp.edu.br\/jehuenp\/wp-json\/wp\/v2\/media?parent=1276"}],"curies":[{"name":"wp","href":"https:\/\/api.w.org\/{rel}","templated":true}]}}

<p><strong><span style="font-family: arial, helvetica, sans-serif;font-size: 12pt;color: #000000">De 16 a 18 de Junho de 2025</span></strong><br />
<strong><span style="font-family: arial, helvetica, sans-serif;font-size: 12pt;color: #000000">Realização: Colegiado de História &#8211; CCHE &#8211; UENP/Jacarezinho</span></strong></p>
<table style="height: 322px;width: 100%">
<tbody>
<tr style="height: 10px">
<td style="background-color: #a07d36;border-color: #000000;border-style: solid;height: 10px;text-align: center;width: 25%"><span style="font-family: arial, helvetica, sans-serif;font-size: 12pt;color: #000000"><strong><strong>Atividade</strong></strong></span></td>
<td style="background-color: #a07d36;border-color: #000000;border-style: solid;height: 10px;text-align: center;width: 17.8211%"><span style="font-family: arial, helvetica, sans-serif;font-size: 12pt;color: #000000"><b>Período</b></span></td>
<td style="background-color: #a07d36;border-color: #000000;border-style: solid;height: 10px;text-align: center;width: 17.6031%"><span style="font-family: arial, helvetica, sans-serif;font-size: 12pt;color: #000000"><b>Responsáveis</b></span></td>
</tr>
<tr style="height: 48px">
<td style="width: 25%;height: 48px;border-color: #000000;border-style: solid" width="183"><span style="font-family: arial, helvetica, sans-serif;font-size: 12pt;color: #000000"><strong>Divulgação inicial e chamada para STs e minicursos.</strong></span></td>
<td style="width: 17.8211%;height: 48px;text-align: left;border-color: #000000;border-style: solid" width="130"><span style="font-family: arial, helvetica, sans-serif;font-size: 12pt;color: #000000">01/05/2025</span></td>
<td style="width: 17.6031%;height: 48px;border-color: #000000;border-style: solid" width="232"><span style="font-family: arial, helvetica, sans-serif;font-size: 12pt;color: #000000">Comissão Organizadora.</span></td>
</tr>
<tr style="height: 48px">
<td style="width: 25%;height: 48px;border-color: #000000;border-style: solid" width="183"><span style="font-family: arial, helvetica, sans-serif;font-size: 12pt;color: #000000"><strong>Prazo para envio de propostas de STs e minicursos.</strong></span></td>
<td style="width: 17.8211%;height: 48px;text-align: left;border-color: #000000;border-style: solid" width="130"><span style="font-family: arial, helvetica, sans-serif;font-size: 12pt;color: #000000">01/05 a 27/05/2025</span></td>
<td style="width: 17.6031%;height: 48px;border-color: #000000;border-style: solid" width="232"><span style="font-family: arial, helvetica, sans-serif;font-size: 12pt;color: #000000">Proponentes (docentes/pesquisadores/as).</span></td>
</tr>
<tr style="height: 48px">
<td style="width: 25%;height: 48px;border-color: #000000;border-style: solid" width="183"><span style="font-family: arial, helvetica, sans-serif;font-size: 12pt;color: #000000"><strong>Avaliação das propostas de STs e minicursos.</strong></span></td>
<td style="width: 17.8211%;height: 48px;text-align: left;border-color: #000000;border-style: solid" width="130"><span style="font-family: arial, helvetica, sans-serif;font-size: 12pt;color: #000000">28/05 a 29/05/2025</span></td>
<td style="width: 17.6031%;height: 48px;border-color: #000000;border-style: solid" width="232"><span style="font-family: arial, helvetica, sans-serif;font-size: 12pt;color: #000000">Comissão Científica.</span></td>
</tr>
<tr style="height: 48px">
<td style="width: 25%;height: 48px;border-color: #000000;border-style: solid" width="183"><span style="font-family: arial, helvetica, sans-serif;font-size: 12pt;color: #000000"><strong>Divulgação dos STs e minicursos aprovados.</strong></span></td>
<td style="width: 17.8211%;height: 48px;text-align: left;border-color: #000000;border-style: solid" width="130"><span style="font-family: arial, helvetica, sans-serif;font-size: 12pt;color: #000000">30/05/2025</span></td>
<td style="width: 17.6031%;height: 48px;border-color: #000000;border-style: solid" width="232"><span style="font-family: arial, helvetica, sans-serif;font-size: 12pt;color: #000000">Comissão Organizadora.</span></td>
</tr>
<tr style="height: 48px">
<td style="width: 25%;height: 48px;border-color: #000000;border-style: solid" width="183"><span style="font-family: arial, helvetica, sans-serif;font-size: 12pt;color: #000000"><strong>Inscrições para apresentação de trabalhos nos STs.</strong></span></td>
<td style="width: 17.8211%;height: 48px;text-align: left;border-color: #000000;border-style: solid" width="130"><span style="font-family: arial, helvetica, sans-serif;font-size: 12pt;color: #000000">28/05 a 10/06/2025</span></td>
<td style="width: 17.6031%;height: 48px;border-color: #000000;border-style: solid" width="232"><span style="font-family: arial, helvetica, sans-serif;font-size: 12pt;color: #000000">Participantes.</span></td>
</tr>
<tr style="height: 24px">
<td style="width: 25%;height: 24px;border-color: #000000;border-style: solid" width="183"><span style="font-family: arial, helvetica, sans-serif;font-size: 12pt;color: #000000"><strong>Avaliação dos trabalhos submetidos.</strong></span></td>
<td style="width: 17.8211%;height: 24px;text-align: left;border-color: #000000;border-style: solid" width="130"><span style="font-family: arial, helvetica, sans-serif;font-size: 12pt;color: #000000">11/06 a 14/06/2025</span></td>
<td style="width: 17.6031%;height: 24px;border-color: #000000;border-style: solid" width="232"><span style="font-family: arial, helvetica, sans-serif;font-size: 12pt;color: #000000">Coordenadores/as de STs.</span></td>
</tr>
<tr style="height: 24px">
<td style="width: 25%;height: 24px;border-color: #000000;border-style: solid" width="183"><span style="font-family: arial, helvetica, sans-serif;font-size: 12pt;color: #000000"><strong>Divulgação dos trabalhos aprovados.</strong></span></td>
<td style="width: 17.8211%;height: 24px;text-align: left;border-color: #000000;border-style: solid" width="130"><span style="font-family: arial, helvetica, sans-serif;font-size: 12pt;color: #000000">15/06/2025</span></td>
<td style="width: 17.6031%;height: 24px;border-color: #000000;border-style: solid" width="232"><span style="font-family: arial, helvetica, sans-serif;font-size: 12pt;color: #000000">Comissão Organizadora.</span></td>
</tr>
<tr>
<td style="width: 25%;border-color: #000000;border-style: solid"><strong style="color: #000000;font-family: arial, helvetica, sans-serif">Inscrições para ouvintes e minicursos.</strong></td>
<td style="width: 17.8211%;text-align: left;border-color: #000000;border-style: solid"><span style="font-family: arial, helvetica, sans-serif;font-size: 12pt;color: #000000">31/05 a 10/06/2025</span></td>
<td style="width: 17.6031%;border-color: #000000;border-style: solid"><span style="color: #000000;font-family: arial, helvetica, sans-serif">Público geral.</span></td>
</tr>
<tr style="height: 24px">
<td style="width: 25%;height: 24px;border-color: #000000;border-style: solid" width="183"><span style="font-family: arial, helvetica, sans-serif;font-size: 12pt;color: #000000"><strong>Envio de resumos expandidos para a publicação em Anais do Evento</strong></span></td>
<td style="width: 17.8211%;height: 24px;text-align: left;border-color: #000000;border-style: solid" width="130"><span style="color: #000000;font-family: arial, helvetica, sans-serif">23/06/2025 (prorrogado para 27/06)</span></td>
<td style="width: 17.6031%;height: 24px;border-color: #000000;border-style: solid" width="232">Apresentadores/as.</td>
</tr>
</tbody>
</table>
<hr />
<table style="height: 90px;width: 100%">
<tbody>
<tr style="height: 28px">
<td style="background-color: #a07d36;border-color: #000000;height: 28px;text-align: center;width: 30.0893%;vertical-align: middle" colspan="2"><strong><span style="color: #000000;font-family: arial, helvetica, sans-serif;font-size: 12pt">PÓS-EVENTO</span></strong></td>
</tr>
<tr style="height: 10px">
<td style="background-color: #a07d36;border-color: #000000;height: 29px;text-align: center;width: 16.1729%;vertical-align: middle"><strong><span style="font-family: arial, helvetica, sans-serif;font-size: 12pt;color: #000000">Atividade</span></strong></td>
<td style="background-color: #a07d36;border-color: #000000;text-align: center;width: 13.9164%;vertical-align: middle;height: 29px"><strong><span style="color: #000000;font-family: arial, helvetica, sans-serif;font-size: 12pt">Período</span></strong></td>
</tr>
<tr style="height: 13px">
<td style="border-color: #000000;width: 16.1729%;border-style: solid;vertical-align: middle;height: 13px">
<p style="text-align: center"><span style="font-family: arial, helvetica, sans-serif;font-size: 12pt;color: #000000">Publicação de Anais/Resumos (opcional)</span></p>
</td>
<td style="border-color: #000000;text-align: center;width: 13.9164%;border-style: solid;vertical-align: middle;height: 13px"><span style="font-family: arial, helvetica, sans-serif;font-size: 12pt;color: #000000">Julho/2025</span></td>
</tr>
<tr style="height: 10px">
<td style="border-color: #000000;width: 16.1729%;border-style: solid;vertical-align: middle;height: 10px">
<p style="text-align: center"><span style="font-family: arial, helvetica, sans-serif;font-size: 12pt;color: #000000">Avaliação Interna e Relatório Final</span></p>
</td>
<td style="border-color: #000000;text-align: center;width: 13.9164%;border-style: solid;vertical-align: middle;height: 10px"><span style="color: #000000;font-size: 12pt;font-family: arial, helvetica, sans-serif">Julho/2025</span></td>
</tr>
</tbody>
</table>
