
{"id":690,"date":"2022-11-25T08:50:51","date_gmt":"2022-11-25T11:50:51","guid":{"rendered":"https:\/\/eventos.uenp.edu.br\/forum-paranaense-de-letramento-literario\/?page_id=690"},"modified":"2026-04-10T12:01:33","modified_gmt":"2026-04-10T15:01:33","slug":"inscricoes","status":"publish","type":"page","link":"https:\/\/eventos.uenp.edu.br\/forum-paranaense-de-letramento-literario\/inscricoes\/","title":{"rendered":"Inscri\u00e7\u00f5es"},"content":{"rendered":"<hr \/>\n<div style=\"font-family: Arial, sans-serif;max-width: 600px;padding: 20px;border: 1px solid #ddd;border-radius: 8px;background-color: #ffffff;color: #333333;text-align: center\">\n<h3 style=\"color: #2c3e50;margin-top: 0;margin-bottom: 15px;font-size: 1.2em;text-transform: uppercase\">Inscri\u00e7\u00f5es Abertas<\/h3>\n<p style=\"font-size: 1.1em;margin-bottom: 20px\">O per\u00edodo de inscri\u00e7\u00e3o \u00e9 de <strong>10\/04\/2026<\/strong> a <strong>10\/05\/2026<\/strong>.<\/p>\n<a style=\"display: inline-block;padding: 12px 25px;background-color: #27ae60;color: #ffffff;text-decoration: none;border-radius: 5px;font-weight: bold;font-size: 1em\" href=\"https:\/\/forms.gle\/o5YQdJCYwcyoifTa9\" target=\"_blank\" rel=\"noopener\"> Clique aqui para se inscrever <\/a>\n<p style=\"font-size: 0.85em;color: #7f8c8d;margin-top: 15px\">\n\n\n<h3 class=\"wp-block-heading\"><\/h3>\n\n\n\n<p><\/p>\n","protected":false},"excerpt":{"rendered":"","protected":false},"author":1,"featured_media":0,"parent":0,"menu_order":0,"comment_status":"closed","ping_status":"closed","template":"","meta":{"footnotes":""},"class_list":["post-690","page","type-page","status-publish","hentry"],"_links":{"self":[{"href":"https:\/\/eventos.uenp.edu.br\/forum-paranaense-de-letramento-literario\/wp-json\/wp\/v2\/pages\/690","targetHints":{"allow":["GET"]}}],"collection":[{"href":"https:\/\/eventos.uenp.edu.br\/forum-paranaense-de-letramento-literario\/wp-json\/wp\/v2\/pages"}],"about":[{"href":"https:\/\/eventos.uenp.edu.br\/forum-paranaense-de-letramento-literario\/wp-json\/wp\/v2\/types\/page"}],"author":[{"embeddable":true,"href":"https:\/\/eventos.uenp.edu.br\/forum-paranaense-de-letramento-literario\/wp-json\/wp\/v2\/users\/1"}],"replies":[{"embeddable":true,"href":"https:\/\/eventos.uenp.edu.br\/forum-paranaense-de-letramento-literario\/wp-json\/wp\/v2\/comments?post=690"}],"version-history":[{"count":5,"href":"https:\/\/eventos.uenp.edu.br\/forum-paranaense-de-letramento-literario\/wp-json\/wp\/v2\/pages\/690\/revisions"}],"predecessor-version":[{"id":827,"href":"https:\/\/eventos.uenp.edu.br\/forum-paranaense-de-letramento-literario\/wp-json\/wp\/v2\/pages\/690\/revisions\/827"}],"wp:attachment":[{"href":"https:\/\/eventos.uenp.edu.br\/forum-paranaense-de-letramento-literario\/wp-json\/wp\/v2\/media?parent=690"}],"curies":[{"name":"wp","href":"https:\/\/api.w.org\/{rel}","templated":true}]}}

Inscrições

<hr />
<div style="font-family: Arial, sans-serif;max-width: 600px;padding: 20px;border: 1px solid #ddd;border-radius: 8px;background-color: #ffffff;color: #333333;text-align: center">
<h3 style="color: #2c3e50;margin-top: 0;margin-bottom: 15px;font-size: 1.2em;text-transform: uppercase">Inscrições Abertas</h3>
<p style="font-size: 1.1em;margin-bottom: 20px">O período de inscrição é de <strong>10/04/2026</strong> a <strong>10/05/2026</strong>.</p>
<a style="display: inline-block;padding: 12px 25px;background-color: #27ae60;color: #ffffff;text-decoration: none;border-radius: 5px;font-weight: bold;font-size: 1em" href="https://forms.gle/o5YQdJCYwcyoifTa9" target="_blank" rel="noopener"> Clique aqui para se inscrever </a>
<p style="font-size: 0.85em;color: #7f8c8d;margin-top: 15px">


<h3 class="wp-block-heading"></h3>



<p></p>
