{"id":631,"date":"2022-11-22T16:39:41","date_gmt":"2022-11-22T19:39:41","guid":{"rendered":"https:\/\/eventos.uenp.edu.br\/forum-paranaense-de-letramento-literario\/?page_id=631"},"modified":"2026-03-30T16:37:35","modified_gmt":"2026-03-30T19:37:35","slug":"apresentacao","status":"publish","type":"page","link":"https:\/\/eventos.uenp.edu.br\/forum-paranaense-de-letramento-literario\/","title":{"rendered":"Apresenta\u00e7\u00e3o"},"content":{"rendered":"<div style=\"font-family: Arial, sans-serif; line-height: 1.6; color: #333; max-width: 900px; margin: 0 auto;\">\n<p style=\"margin-bottom: 16px; text-align: justify;\">O <strong>II F\u00f3rum Paranaense de Letramento Liter\u00e1rio<\/strong> tem por finalidade oferecer um espa\u00e7o localizado de discuss\u00e3o, reconhecimento e compartilhamento de estrat\u00e9gias de ensino de literatura. Trata-se de um evento que busca integrar professores do ensino b\u00e1sico, pesquisadores e alunos do ensino superior com o objetivo de potencializar a forma\u00e7\u00e3o de leitores liter\u00e1rios no estado do Paran\u00e1.<\/p>\n<p style=\"margin-bottom: 16px; text-align: justify;\">Por meio do F\u00f3rum, os participantes n\u00e3o apenas tomar\u00e3o conhecimento de estrat\u00e9gias pedag\u00f3gicas diversificadas, como tamb\u00e9m poder\u00e3o vivenci\u00e1-las concretamente durante o evento.<\/p>\n<p style=\"margin-bottom: 16px; text-align: justify;\">O evento d\u00e1 continuidade ao I F\u00f3rum, ocorrido em junho de 2025, em Curitiba, promovido pela UTFPR e pela UFPR, e objetiva oferecer a estudantes e profissionais da educa\u00e7\u00e3o a oportunidade de protagonizar e experienciar diversas pr\u00e1ticas de ensino de literatura, ampliando sua forma\u00e7\u00e3o inicial e continuada.<\/p>\n<p style=\"margin-bottom: 16px; text-align: justify;\">Haver\u00e1 diversas <strong>oficinas<\/strong>, nas quais pr\u00e1ticas de leitura e escrita liter\u00e1ria ser\u00e3o ministradas por professores, com base em suas experi\u00eancias em sala de aula.<\/p>\n<p style=\"margin-bottom: 16px; text-align: justify;\">Tamb\u00e9m ser\u00e3o realizados <strong>c\u00edrculos de leitura<\/strong>, nos quais os participantes poder\u00e3o conhecer e ler conjuntamente novas obras, ampliando e fortalecendo seu repert\u00f3rio liter\u00e1rio.<\/p>\n<p style=\"margin-bottom: 16px; text-align: justify;\">Al\u00e9m disso, ocorrer\u00e3o <strong>rodas de conversa<\/strong>, reunindo alunos de gradua\u00e7\u00e3o, p\u00f3s-gradua\u00e7\u00e3o e professores do ensino b\u00e1sico e superior para debater e avaliar coletivamente estrat\u00e9gias espec\u00edficas de ensino de literatura.<\/p>\n<p style=\"margin-bottom: 16px; text-align: justify;\">Em todas essas atividades, espera-se uma participa\u00e7\u00e3o interativa, com troca de experi\u00eancias e fortalecimento dos conhecimentos em letramento liter\u00e1rio.<\/p>\n<p style=\"margin-bottom: 16px; text-align: justify;\">Nesta edi\u00e7\u00e3o, al\u00e9m do PPGE\/PPGL da Universidade Tecnol\u00f3gica Federal do Paran\u00e1 (UTFPR) e do PPGEL da Universidade Federal do Paran\u00e1 (UFPR), a UENP, por meio do Grupo de Pesquisa CRELIT e do Mestrado Profissional em Letras \u2013 PROFLETRAS\/UENP, atua na realiza\u00e7\u00e3o do evento.<\/p>\n<p style=\"margin-bottom: 16px; text-align: justify;\">As atividades ocorrer\u00e3o no dia <strong>18 de maio de 2026<\/strong>, no campus de Corn\u00e9lio Proc\u00f3pio da UENP, de forma presencial, nos Blocos C e H.<\/p>\n<p style=\"margin-top: 24px; margin-bottom: 8px; font-weight: bold; font-size: 18px;\">P\u00fablico-alvo:<\/p>\n<p style=\"margin-bottom: 16px; text-align: justify;\">Pesquisadores, professores e alunos da \u00e1rea de Letras (graduandos e p\u00f3s-graduandos), professores da rede b\u00e1sica e \u00e1reas afins, al\u00e9m da comunidade em geral.<\/p>\n<p style=\"margin-top: 24px; margin-bottom: 12px; font-weight: bold; font-size: 18px; text-align: center;\">Realiza\u00e7\u00e3o:<\/p>\n<div style=\"display: flex; justify-content: center; align-items: center; gap: 40px; flex-wrap: wrap; margin-bottom: 30px;\">\n<p><img decoding=\"async\" style=\"max-height: 80px; width: auto; object-fit: contain;\" src=\"https:\/\/eventos.uenp.edu.br\/forum-paranaense-de-letramento-literario\/wp-content\/uploads\/sites\/29\/2026\/03\/urtpr-departamento-academico-de-linaguagem-e-comunicacao-progama-de-pos-graudacao-300x106.png\" alt=\"UTFPR\" \/><\/p>\n<p><img decoding=\"async\" style=\"max-height: 80px; width: auto; object-fit: contain;\" src=\"https:\/\/eventos.uenp.edu.br\/forum-paranaense-de-letramento-literario\/wp-content\/uploads\/sites\/29\/2026\/03\/crelit-300x128.png\" alt=\"CRELIT\" \/><\/p>\n<p><img decoding=\"async\" style=\"max-height: 80px; width: auto; object-fit: contain;\" src=\"https:\/\/eventos.uenp.edu.br\/forum-paranaense-de-letramento-literario\/wp-content\/uploads\/sites\/29\/2026\/03\/Logo_oficial_da_UFPR_sem_fundo-300x195.png\" alt=\"UFPR\" \/><\/p>\n<\/div>\n<p style=\"margin-top: 24px; margin-bottom: 12px; font-weight: bold; font-size: 18px; text-align: center;\">Apoio:<\/p>\n<div style=\"display: grid; grid-template-columns: repeat(auto-fit, minmax(160px, 1fr)); gap: 25px; align-items: center; justify-items: center; max-width: 700px; margin: 0 auto;\"><img decoding=\"async\" style=\"max-height: 90px; width: auto; object-fit: contain;\" src=\"https:\/\/eventos.uenp.edu.br\/forum-paranaense-de-letramento-literario\/wp-content\/uploads\/sites\/29\/2026\/03\/brasao-uenp-alta-3-257x300.png\" alt=\"UENP\" \/> <img decoding=\"async\" style=\"max-height: 90px; width: auto; object-fit: contain;\" src=\"https:\/\/eventos.uenp.edu.br\/forum-paranaense-de-letramento-literario\/wp-content\/uploads\/sites\/29\/2026\/03\/governo_parana-300x213.jpg\" alt=\"Governo do Paran\u00e1\" \/><img loading=\"lazy\" decoding=\"async\" width=\"219\" height=\"77\" style=\"max-height: 90px; width: auto; object-fit: contain;\" class=\"alignnone size-full wp-image-801\" src=\"https:\/\/eventos.uenp.edu.br\/forum-paranaense-de-letramento-literario\/wp-content\/uploads\/sites\/29\/2026\/03\/profletras.png\" alt=\"PROFLETRAS\" \/> <img decoding=\"async\" style=\"max-height: 90px; width: auto; object-fit: contain;\" src=\"https:\/\/eventos.uenp.edu.br\/forum-paranaense-de-letramento-literario\/wp-content\/uploads\/sites\/29\/2026\/03\/araucaria-logo-nova-2023-rgb-positiva-300x192.jpg\" alt=\"Funda\u00e7\u00e3o Arauc\u00e1ria\" \/> <img decoding=\"async\" style=\"max-height: 90px; width: auto; object-fit: contain;\" src=\"https:\/\/eventos.uenp.edu.br\/forum-paranaense-de-letramento-literario\/wp-content\/uploads\/sites\/29\/2026\/03\/nupel-259x300.png\" alt=\"NUPEL\" \/><\/div>\n<\/div>\n\n\n<p><\/p>\n","protected":false},"excerpt":{"rendered":"","protected":false},"author":1,"featured_media":0,"parent":0,"menu_order":0,"comment_status":"closed","ping_status":"closed","template":"","meta":{"footnotes":""},"class_list":["post-631","page","type-page","status-publish","hentry"],"_links":{"self":[{"href":"https:\/\/eventos.uenp.edu.br\/forum-paranaense-de-letramento-literario\/wp-json\/wp\/v2\/pages\/631","targetHints":{"allow":["GET"]}}],"collection":[{"href":"https:\/\/eventos.uenp.edu.br\/forum-paranaense-de-letramento-literario\/wp-json\/wp\/v2\/pages"}],"about":[{"href":"https:\/\/eventos.uenp.edu.br\/forum-paranaense-de-letramento-literario\/wp-json\/wp\/v2\/types\/page"}],"author":[{"embeddable":true,"href":"https:\/\/eventos.uenp.edu.br\/forum-paranaense-de-letramento-literario\/wp-json\/wp\/v2\/users\/1"}],"replies":[{"embeddable":true,"href":"https:\/\/eventos.uenp.edu.br\/forum-paranaense-de-letramento-literario\/wp-json\/wp\/v2\/comments?post=631"}],"version-history":[{"count":17,"href":"https:\/\/eventos.uenp.edu.br\/forum-paranaense-de-letramento-literario\/wp-json\/wp\/v2\/pages\/631\/revisions"}],"predecessor-version":[{"id":805,"href":"https:\/\/eventos.uenp.edu.br\/forum-paranaense-de-letramento-literario\/wp-json\/wp\/v2\/pages\/631\/revisions\/805"}],"wp:attachment":[{"href":"https:\/\/eventos.uenp.edu.br\/forum-paranaense-de-letramento-literario\/wp-json\/wp\/v2\/media?parent=631"}],"curies":[{"name":"wp","href":"https:\/\/api.w.org\/{rel}","templated":true}]}}