
{"id":935,"date":"2023-11-08T15:55:33","date_gmt":"2023-11-08T18:55:33","guid":{"rendered":"https:\/\/eventos.uenp.edu.br\/conien\/?page_id=935"},"modified":"2023-11-08T15:55:33","modified_gmt":"2023-11-08T18:55:33","slug":"acessibilidade","status":"publish","type":"page","link":"https:\/\/eventos.uenp.edu.br\/conien\/acessibilidade\/","title":{"rendered":"Acessibilidade"},"content":{"rendered":"<p>O termo acessibilidade significa incluir a pessoa com defici\u00eancia na participa\u00e7\u00e3o de atividades como o uso de produtos, servi\u00e7os e informa\u00e7\u00f5es.<\/p>\n<p>Este site foi constru\u00eddo conforme os padr\u00f5es de acessibilidade do W3C para possibilitar que todos possam ter acesso ao seu conte\u00fado, independente de ser portador de defici\u00eancia ou n\u00e3o.<\/p>\n<p>Na parte superior de nosso website existe uma barra de acessibilidade onde se encontra atalhos de navega\u00e7\u00e3o padronizados e a op\u00e7\u00e3o para alterar o contraste. Essas ferramentas est\u00e3o dispon\u00edveis em todas as p\u00e1ginas do portal para a navega\u00e7\u00e3o pelo teclado.<\/p>\n<p>&nbsp;<\/p>\n<p><span style=\"font-size: 18pt; color: #000080;\"><strong>Acessibilidade em Libras<\/strong><\/span><\/p>\n<p><strong>VLibras<\/strong><\/p>\n<p>O Vlibras \u00e9 um recurso que traduz todo conte\u00fado em formato digital para a l\u00edngua brasileira de sinais (LIBRAS), sendo: textos, \u00e1udio e v\u00eddeos. Tornando assim, todo os conte\u00fados acess\u00edveis para pessoas com defici\u00eancia auditiva.<\/p>\n<p>Ap\u00f3s instalar o Vlibras voc\u00ea ter\u00e1 acesso a todo conte\u00fado do site.<\/p>\n<p>Clique no link abaixo para ser redirecionado ao site do VLibras e instalar a ferramenta em seu computador, tablet ou celular.<\/p>\n<p><strong>Fa\u00e7a o <span style=\"color: #00ccff;\"><a style=\"color: #00ccff;\" href=\"https:\/\/www.gov.br\/governodigital\/pt-br\/vlibras\/#baixar\" target=\"_blank\" rel=\"noopener\">Download do VLibras<\/a><\/span><\/strong><\/p>\n<p>&nbsp;<\/p>\n<p><span style=\"font-size: 18pt; color: #000080;\"><strong>Softwares para leitura de tela<\/strong><\/span><\/p>\n<p>Os leitores de telas s\u00e3o programas que, interagindo com o sistema operacional do computador, capturam as informa\u00e7\u00f5es apresentadas na forma de texto e as transforma em uma resposta falada atrav\u00e9s de um sintetizador de voz.<\/p>\n<p>O leitor de telas varrem os programas em busca de informa\u00e7\u00f5es que podem ser lidas para o usu\u00e1rio, possibilitando a navega\u00e7\u00e3o por menus, janelas e textos presentes em praticamente qualquer aplicativo.<\/p>\n<p>&nbsp;<\/p>\n<p><span style=\"font-size: 14pt;\">Alguns leitores de tela gratuitos (software totalmente livre de custos):<\/span><\/p>\n<p><span style=\"font-size: 14pt;\">&#8211; NVDA<\/span><\/p>\n<p>Uma caracter\u00edstica que garante um grande diferencial ao NVDA \u00e9 o fato dele n\u00e3o precisar ser instalado no sistema, podendo ser levado em um pendrive, cd ou qualquer outro disco remov\u00edvel.<\/p>\n<p><strong>Fa\u00e7a o <span style=\"color: #00ccff;\"><a style=\"color: #00ccff;\" href=\"https:\/\/github.com\/nvaccess\/nvda\" target=\"_blank\" rel=\"noopener\">Download do NVDA<\/a><\/span><\/strong><\/p>\n<p><span style=\"font-size: 14pt;\">&#8211; DOSVOX<\/span><\/p>\n<p>Grande parte das mensagens sonoras emitidas pelo DOSVOX \u00e9 feita em voz humana gravada. Isso significa que ele \u00e9 um sistema com baixo \u00edndice de estresse para o usu\u00e1rio, mesmo com uso prolongado. Talvez por isso o DOSVOX seja o mais indicado para crian\u00e7as, jovens ou para um usu\u00e1rio que esteja come\u00e7ando a utilizar um computador. Dentro deste sistema voc\u00ea encontrar\u00e1 editor de texto, jogos de car\u00e1ter did\u00e1tico e l\u00fadico, programas para ajudar na educa\u00e7\u00e3o de crian\u00e7as com defici\u00eancia visual, entre outras tantas funcionalidades.<\/p>\n<p><strong>Fa\u00e7a o <span style=\"color: #00ccff;\"><a style=\"color: #00ccff;\" href=\"http:\/\/intervox.nce.ufrj.br\/dosvox\/programas\/dv50-setup.exe\" target=\"_blank\" rel=\"noopener\">Download do DOSVOX<\/a><\/span><\/strong><\/p>\n<p><span style=\"font-size: 14pt;\">-ORCA<\/span><\/p>\n<p>O diferencial aqui \u00e9 que ele roda em sistema operacional Linux. O Orca al\u00e9m de leitor de tela \u00e9 tamb\u00e9m um ampliador de tela, possibilitando ao deficiente visual a utiliza\u00e7\u00e3o de apenas um programa para tornar o sistema acess\u00edvel. O Orca \u00e9 o recurso nativo em algumas distribui\u00e7\u00f5es Linux.<\/p>\n<p>&nbsp;<\/p>\n<p><span style=\"font-size: 18pt; color: #000080;\"><strong>Navega\u00e7\u00e3o pelo teclado e mouse<\/strong><\/span><\/p>\n<p><strong>Tamanho do texto<\/strong><\/p>\n<p>&#8220;Ctrl e +&#8221; Aumenta o zoom da p\u00e1gina;<br \/>\n&#8220;Ctrl e -&#8221; Diminui o zoom da p\u00e1gina;<br \/>\n&#8220;Ctrl e 0&#8221; Deixa o zoom da pagina padr\u00e3o.<\/p>\n<p>A maioria dos navegadores possibilitam aumentar ou diminuir o zoom da tela pressionando a tecla &#8220;Ctrl&#8221; e rolando o bot\u00e3o scroll do mouse.<\/p>\n<p>Alguns browsers possibilitam a altera\u00e7\u00e3o do tamanho do texto da seguinte forma:<\/p>\n<p>Internet Explorer: selecione o Menu Op\u00e7\u00f5es &#8220;Mostrar: Tamanho do Texto&#8221;;<br \/>\nMozilla: selecione o Menu Op\u00e7\u00f5es: &#8220;Mostrar: Tamanho do Texto&#8221;;<br \/>\nOpera: selecione o Menu Op\u00e7\u00f5es: &#8220;Mostrar Zoom&#8221;;<br \/>\nSafari: selecione o Menu Op\u00e7\u00f5es: &#8220;Apresenta\u00e7\u00e3o; Aumentar\/Reduzir tamanho do texto&#8221;.<\/p>\n<p><strong>Atalhos de teclado<\/strong><\/p>\n<p>Para utilizar os atalhos de teclado pressione a tecla &#8220;Alt&#8221; e o n\u00famero de atalho abaixo:<\/p>\n<p style=\"padding-left: 40px;\">1 Ir para o conte\u00fado principal;<br \/>\n2 Ir para o menu de navega\u00e7\u00e3o principal;<br \/>\n3 Ir para o rodap\u00e9;<br \/>\n4 Ir para o campo de busca;<\/p>\n<p><strong>Compatibilidade com browsers<\/strong><\/p>\n<p>Este portal \u00e9 compat\u00edvel com todos os navegadores modernos.<\/p>\n","protected":false},"excerpt":{"rendered":"","protected":false},"author":9,"featured_media":0,"parent":0,"menu_order":0,"comment_status":"closed","ping_status":"closed","template":"","meta":{"footnotes":""},"class_list":["post-935","page","type-page","status-publish","hentry"],"_links":{"self":[{"href":"https:\/\/eventos.uenp.edu.br\/conien\/wp-json\/wp\/v2\/pages\/935","targetHints":{"allow":["GET"]}}],"collection":[{"href":"https:\/\/eventos.uenp.edu.br\/conien\/wp-json\/wp\/v2\/pages"}],"about":[{"href":"https:\/\/eventos.uenp.edu.br\/conien\/wp-json\/wp\/v2\/types\/page"}],"author":[{"embeddable":true,"href":"https:\/\/eventos.uenp.edu.br\/conien\/wp-json\/wp\/v2\/users\/9"}],"replies":[{"embeddable":true,"href":"https:\/\/eventos.uenp.edu.br\/conien\/wp-json\/wp\/v2\/comments?post=935"}],"version-history":[{"count":1,"href":"https:\/\/eventos.uenp.edu.br\/conien\/wp-json\/wp\/v2\/pages\/935\/revisions"}],"predecessor-version":[{"id":937,"href":"https:\/\/eventos.uenp.edu.br\/conien\/wp-json\/wp\/v2\/pages\/935\/revisions\/937"}],"wp:attachment":[{"href":"https:\/\/eventos.uenp.edu.br\/conien\/wp-json\/wp\/v2\/media?parent=935"}],"curies":[{"name":"wp","href":"https:\/\/api.w.org\/{rel}","templated":true}]}}