
{"id":1314,"date":"2024-03-11T11:34:49","date_gmt":"2024-03-11T14:34:49","guid":{"rendered":"https:\/\/eventos.uenp.edu.br\/coeb\/?page_id=1314"},"modified":"2024-03-12T11:06:11","modified_gmt":"2024-03-12T14:06:11","slug":"realizacao","status":"publish","type":"page","link":"https:\/\/eventos.uenp.edu.br\/coeb\/realizacao\/","title":{"rendered":"Realiza\u00e7\u00e3o"},"content":{"rendered":"<p>&nbsp;<\/p>\n<p style=\"text-align: center\"><strong>PPEd\/UENP &#8211; Mestrado Profissional em Educa\u00e7\u00e3o<\/strong><\/p>\n<p><strong><img decoding=\"async\" class=\"aligncenter\" src=\"https:\/\/uenp.edu.br\/images\/institucional\/logo\/pped-logo.jpg\" \/><\/strong><\/p>\n<p>&nbsp;<\/p>\n<p style=\"text-align: center\"><strong>N\u00facleo de Pesquisas Educacionais (NUPEd)<\/strong><\/p>\n<p>&nbsp;<\/p>\n<p style=\"text-align: center\"><strong>Laborat\u00f3rio de Aplica\u00e7\u00f5es Pr\u00e1ticas Interdisciplinares (L@pis)<\/strong><\/p>\n<p><img loading=\"lazy\" decoding=\"async\" class=\"aligncenter wp-image-1328 size-full\" src=\"https:\/\/eventos.uenp.edu.br\/coeb\/wp-content\/uploads\/sites\/17\/2024\/03\/lapis.jpg\" alt=\"\" width=\"318\" height=\"121\" srcset=\"https:\/\/eventos.uenp.edu.br\/coeb\/wp-content\/uploads\/sites\/17\/2024\/03\/lapis.jpg 318w, https:\/\/eventos.uenp.edu.br\/coeb\/wp-content\/uploads\/sites\/17\/2024\/03\/lapis-300x114.jpg 300w\" sizes=\"auto, (max-width: 318px) 100vw, 318px\" \/><\/p>\n<p>&nbsp;<\/p>\n<p style=\"text-align: center\"><strong>Grupo de Estudos e Pesquisa &#8220;Hist\u00f3ria, Sociedade e Educa\u00e7\u00e3o no Brasil&#8221; &#8211; GT Norte Pioneiro (HISTEDNOPR)<\/strong><\/p>\n<p><img loading=\"lazy\" decoding=\"async\" class=\"aligncenter wp-image-1329 size-full\" src=\"https:\/\/eventos.uenp.edu.br\/coeb\/wp-content\/uploads\/sites\/17\/2024\/03\/histednopr.jpg\" alt=\"\" width=\"409\" height=\"187\" srcset=\"https:\/\/eventos.uenp.edu.br\/coeb\/wp-content\/uploads\/sites\/17\/2024\/03\/histednopr.jpg 409w, https:\/\/eventos.uenp.edu.br\/coeb\/wp-content\/uploads\/sites\/17\/2024\/03\/histednopr-300x137.jpg 300w\" sizes=\"auto, (max-width: 409px) 100vw, 409px\" \/><\/p>\n","protected":false},"excerpt":{"rendered":"","protected":false},"author":12,"featured_media":0,"parent":0,"menu_order":0,"comment_status":"closed","ping_status":"closed","template":"","meta":{"footnotes":""},"class_list":["post-1314","page","type-page","status-publish","hentry"],"_links":{"self":[{"href":"https:\/\/eventos.uenp.edu.br\/coeb\/wp-json\/wp\/v2\/pages\/1314","targetHints":{"allow":["GET"]}}],"collection":[{"href":"https:\/\/eventos.uenp.edu.br\/coeb\/wp-json\/wp\/v2\/pages"}],"about":[{"href":"https:\/\/eventos.uenp.edu.br\/coeb\/wp-json\/wp\/v2\/types\/page"}],"author":[{"embeddable":true,"href":"https:\/\/eventos.uenp.edu.br\/coeb\/wp-json\/wp\/v2\/users\/12"}],"replies":[{"embeddable":true,"href":"https:\/\/eventos.uenp.edu.br\/coeb\/wp-json\/wp\/v2\/comments?post=1314"}],"version-history":[{"count":12,"href":"https:\/\/eventos.uenp.edu.br\/coeb\/wp-json\/wp\/v2\/pages\/1314\/revisions"}],"predecessor-version":[{"id":1400,"href":"https:\/\/eventos.uenp.edu.br\/coeb\/wp-json\/wp\/v2\/pages\/1314\/revisions\/1400"}],"wp:attachment":[{"href":"https:\/\/eventos.uenp.edu.br\/coeb\/wp-json\/wp\/v2\/media?parent=1314"}],"curies":[{"name":"wp","href":"https:\/\/api.w.org\/{rel}","templated":true}]}}